{"id":5088,"date":"2018-09-24T09:25:17","date_gmt":"2018-09-24T07:25:17","guid":{"rendered":"http:\/\/www.ifmarinvast.se\/orientering\/?post_type=tribe_events&#038;p=5088"},"modified":"2018-10-13T19:59:05","modified_gmt":"2018-10-13T17:59:05","slug":"tisdagstraning-loptraning-3","status":"publish","type":"tribe_events","link":"https:\/\/www.ifmarinvast.se\/orientering\/kalender\/tisdagstraning-loptraning-3\/","title":{"rendered":"Tisdagstr\u00e4ning  (l\u00f6ptr\u00e4ning)"},"content":{"rendered":"<p>P\u00e5velunds Motionscentral kl 18.00.<\/p>\n<blockquote class=\"wp-embedded-content\" data-secret=\"y2IlDCSPir\"><p><a href=\"https:\/\/www.ifmarinvast.se\/orientering\/prova-pa-nattorientering-i-pavelund-tisdagarna-16-och-23-oktober\/\">Pr\u00f6va p\u00e5 nattorientering i P\u00e5velund tisdagarna 16 och 23 oktober<\/a><\/p><\/blockquote>\n<p><iframe loading=\"lazy\" class=\"wp-embedded-content\" sandbox=\"allow-scripts\" security=\"restricted\" style=\"position: absolute; visibility: hidden;\" title=\"\u201dPr\u00f6va p\u00e5 nattorientering i P\u00e5velund tisdagarna 16 och 23 oktober\u201d &ndash; IF Marin V\u00e4st\" src=\"https:\/\/www.ifmarinvast.se\/orientering\/prova-pa-nattorientering-i-pavelund-tisdagarna-16-och-23-oktober\/embed\/#?secret=FtTEoK3OLB#?secret=y2IlDCSPir\" data-secret=\"y2IlDCSPir\" width=\"600\" height=\"338\" frameborder=\"0\" marginwidth=\"0\" marginheight=\"0\" scrolling=\"no\"><\/iframe><\/p>\n","protected":false},"excerpt":{"rendered":"<p>P\u00e5velunds Motionscentral kl 18.00. Pr\u00f6va p\u00e5 nattorientering i P\u00e5velund tisdagarna 16 och 23 oktober<\/p>\n","protected":false},"author":4,"featured_media":0,"template":"","meta":{"_tribe_events_status":"","_tribe_events_status_reason":"","footnotes":""},"tags":[],"tribe_events_cat":[],"class_list":["post-5088","tribe_events","type-tribe_events","status-publish","hentry"],"_links":{"self":[{"href":"https:\/\/www.ifmarinvast.se\/orientering\/wp-json\/wp\/v2\/tribe_events\/5088","targetHints":{"allow":["GET"]}}],"collection":[{"href":"https:\/\/www.ifmarinvast.se\/orientering\/wp-json\/wp\/v2\/tribe_events"}],"about":[{"href":"https:\/\/www.ifmarinvast.se\/orientering\/wp-json\/wp\/v2\/types\/tribe_events"}],"author":[{"embeddable":true,"href":"https:\/\/www.ifmarinvast.se\/orientering\/wp-json\/wp\/v2\/users\/4"}],"version-history":[{"count":3,"href":"https:\/\/www.ifmarinvast.se\/orientering\/wp-json\/wp\/v2\/tribe_events\/5088\/revisions"}],"predecessor-version":[{"id":5130,"href":"https:\/\/www.ifmarinvast.se\/orientering\/wp-json\/wp\/v2\/tribe_events\/5088\/revisions\/5130"}],"wp:attachment":[{"href":"https:\/\/www.ifmarinvast.se\/orientering\/wp-json\/wp\/v2\/media?parent=5088"}],"wp:term":[{"taxonomy":"post_tag","embeddable":true,"href":"https:\/\/www.ifmarinvast.se\/orientering\/wp-json\/wp\/v2\/tags?post=5088"},{"taxonomy":"tribe_events_cat","embeddable":true,"href":"https:\/\/www.ifmarinvast.se\/orientering\/wp-json\/wp\/v2\/tribe_events_cat?post=5088"}],"curies":[{"name":"wp","href":"https:\/\/api.w.org\/{rel}","templated":true}]}}

Tisdagsträning  (löpträning)

<p>Påvelunds Motionscentral kl 18.00.</p>
<blockquote class="wp-embedded-content" data-secret="y2IlDCSPir"><p><a href="https://www.ifmarinvast.se/orientering/prova-pa-nattorientering-i-pavelund-tisdagarna-16-och-23-oktober/">Pröva på nattorientering i Påvelund tisdagarna 16 och 23 oktober</a></p></blockquote>
<p><iframe loading="lazy" class="wp-embedded-content" sandbox="allow-scripts" security="restricted" style="position: absolute; visibility: hidden;" title="”Pröva på nattorientering i Påvelund tisdagarna 16 och 23 oktober” &ndash; IF Marin Väst" src="https://www.ifmarinvast.se/orientering/prova-pa-nattorientering-i-pavelund-tisdagarna-16-och-23-oktober/embed/#?secret=FtTEoK3OLB#?secret=y2IlDCSPir" data-secret="y2IlDCSPir" width="600" height="338" frameborder="0" marginwidth="0" marginheight="0" scrolling="no"></iframe></p>

<p>Påvelunds Motionscentral kl 18.00. Pröva på nattorientering i Påvelund tisdagarna 16 och 23 oktober</p>
