{"id":5081,"date":"2018-09-03T11:39:15","date_gmt":"2018-09-03T09:39:15","guid":{"rendered":"http:\/\/www.ifmarinvast.se\/orientering\/?post_type=tribe_events&#038;p=5081"},"modified":"2018-09-03T11:39:15","modified_gmt":"2018-09-03T09:39:15","slug":"finalloppet-ifmv-skoter-vatskekontroll","status":"publish","type":"tribe_events","link":"https:\/\/www.ifmarinvast.se\/orientering\/kalender\/finalloppet-ifmv-skoter-vatskekontroll\/","title":{"rendered":"Finalloppet &#8211; IFMV sk\u00f6ter v\u00e4tskekontroll"},"content":{"rendered":"<blockquote class=\"wp-embedded-content\" data-secret=\"rROCXMSF8X\"><p><a href=\"https:\/\/www.ifmarinvast.se\/orientering\/dela-ut-vatten-pa-vatskekontroll-pa-finalloppet-3-nov\/\">Dela ut vatten p\u00e5 v\u00e4tskekontroll p\u00e5 Finalloppet 3 nov!<\/a><\/p><\/blockquote>\n<p><iframe loading=\"lazy\" class=\"wp-embedded-content\" sandbox=\"allow-scripts\" security=\"restricted\" style=\"position: absolute; visibility: hidden;\" title=\"\u201dDela ut vatten p\u00e5 v\u00e4tskekontroll p\u00e5 Finalloppet 3 nov!\u201d &ndash; IF Marin V\u00e4st\" src=\"https:\/\/www.ifmarinvast.se\/orientering\/dela-ut-vatten-pa-vatskekontroll-pa-finalloppet-3-nov\/embed\/#?secret=5nAjWEwMUt#?secret=rROCXMSF8X\" data-secret=\"rROCXMSF8X\" width=\"600\" height=\"338\" frameborder=\"0\" marginwidth=\"0\" marginheight=\"0\" scrolling=\"no\"><\/iframe><\/p>\n","protected":false},"excerpt":{"rendered":"<p>Dela ut vatten p\u00e5 v\u00e4tskekontroll p\u00e5 Finalloppet 3 nov!<\/p>\n","protected":false},"author":4,"featured_media":0,"template":"","meta":{"_tribe_events_status":"","_tribe_events_status_reason":"","footnotes":""},"tags":[],"tribe_events_cat":[],"class_list":["post-5081","tribe_events","type-tribe_events","status-publish","hentry"],"_links":{"self":[{"href":"https:\/\/www.ifmarinvast.se\/orientering\/wp-json\/wp\/v2\/tribe_events\/5081","targetHints":{"allow":["GET"]}}],"collection":[{"href":"https:\/\/www.ifmarinvast.se\/orientering\/wp-json\/wp\/v2\/tribe_events"}],"about":[{"href":"https:\/\/www.ifmarinvast.se\/orientering\/wp-json\/wp\/v2\/types\/tribe_events"}],"author":[{"embeddable":true,"href":"https:\/\/www.ifmarinvast.se\/orientering\/wp-json\/wp\/v2\/users\/4"}],"version-history":[{"count":1,"href":"https:\/\/www.ifmarinvast.se\/orientering\/wp-json\/wp\/v2\/tribe_events\/5081\/revisions"}],"predecessor-version":[{"id":5082,"href":"https:\/\/www.ifmarinvast.se\/orientering\/wp-json\/wp\/v2\/tribe_events\/5081\/revisions\/5082"}],"wp:attachment":[{"href":"https:\/\/www.ifmarinvast.se\/orientering\/wp-json\/wp\/v2\/media?parent=5081"}],"wp:term":[{"taxonomy":"post_tag","embeddable":true,"href":"https:\/\/www.ifmarinvast.se\/orientering\/wp-json\/wp\/v2\/tags?post=5081"},{"taxonomy":"tribe_events_cat","embeddable":true,"href":"https:\/\/www.ifmarinvast.se\/orientering\/wp-json\/wp\/v2\/tribe_events_cat?post=5081"}],"curies":[{"name":"wp","href":"https:\/\/api.w.org\/{rel}","templated":true}]}}

Finalloppet &#8211; IFMV sköter vätskekontroll

<blockquote class="wp-embedded-content" data-secret="rROCXMSF8X"><p><a href="https://www.ifmarinvast.se/orientering/dela-ut-vatten-pa-vatskekontroll-pa-finalloppet-3-nov/">Dela ut vatten på vätskekontroll på Finalloppet 3 nov!</a></p></blockquote>
<p><iframe loading="lazy" class="wp-embedded-content" sandbox="allow-scripts" security="restricted" style="position: absolute; visibility: hidden;" title="”Dela ut vatten på vätskekontroll på Finalloppet 3 nov!” &ndash; IF Marin Väst" src="https://www.ifmarinvast.se/orientering/dela-ut-vatten-pa-vatskekontroll-pa-finalloppet-3-nov/embed/#?secret=5nAjWEwMUt#?secret=rROCXMSF8X" data-secret="rROCXMSF8X" width="600" height="338" frameborder="0" marginwidth="0" marginheight="0" scrolling="no"></iframe></p>

<p>Dela ut vatten på vätskekontroll på Finalloppet 3 nov!</p>
