{"id":5033,"date":"2018-08-13T16:16:20","date_gmt":"2018-08-13T14:16:20","guid":{"rendered":"http:\/\/www.ifmarinvast.se\/orientering\/?post_type=tribe_events&#038;p=5033"},"modified":"2018-08-24T16:11:09","modified_gmt":"2018-08-24T14:11:09","slug":"tisdagstraning-16","status":"publish","type":"tribe_events","link":"https:\/\/www.ifmarinvast.se\/orientering\/kalender\/tisdagstraning-16\/","title":{"rendered":"Tisdagstr\u00e4ning i P\u00e5velund"},"content":{"rendered":"<p>Tisdagstr\u00e4ningen nu p\u00e5 tisdag den 28 augusti har samlingsplats vid P\u00e5velunds Motionscentral. Start fr\u00e5n kl 18. Lite annorlunda tr\u00e4ning f\u00f6r alla niv\u00e5er h\u00e4lsar G\u00f6sta.<\/p>\n","protected":false},"excerpt":{"rendered":"<p>Tisdagstr\u00e4ningen nu p\u00e5 tisdag den 28 augusti har samlingsplats vid P\u00e5velunds Motionscentral. Start fr\u00e5n kl 18. Lite annorlunda tr\u00e4ning f\u00f6r alla niv\u00e5er h\u00e4lsar G\u00f6sta.<\/p>\n","protected":false},"author":4,"featured_media":0,"template":"","meta":{"_tribe_events_status":"","_tribe_events_status_reason":"","footnotes":""},"tags":[],"tribe_events_cat":[],"class_list":["post-5033","tribe_events","type-tribe_events","status-publish","hentry"],"_links":{"self":[{"href":"https:\/\/www.ifmarinvast.se\/orientering\/wp-json\/wp\/v2\/tribe_events\/5033","targetHints":{"allow":["GET"]}}],"collection":[{"href":"https:\/\/www.ifmarinvast.se\/orientering\/wp-json\/wp\/v2\/tribe_events"}],"about":[{"href":"https:\/\/www.ifmarinvast.se\/orientering\/wp-json\/wp\/v2\/types\/tribe_events"}],"author":[{"embeddable":true,"href":"https:\/\/www.ifmarinvast.se\/orientering\/wp-json\/wp\/v2\/users\/4"}],"version-history":[{"count":2,"href":"https:\/\/www.ifmarinvast.se\/orientering\/wp-json\/wp\/v2\/tribe_events\/5033\/revisions"}],"predecessor-version":[{"id":5053,"href":"https:\/\/www.ifmarinvast.se\/orientering\/wp-json\/wp\/v2\/tribe_events\/5033\/revisions\/5053"}],"wp:attachment":[{"href":"https:\/\/www.ifmarinvast.se\/orientering\/wp-json\/wp\/v2\/media?parent=5033"}],"wp:term":[{"taxonomy":"post_tag","embeddable":true,"href":"https:\/\/www.ifmarinvast.se\/orientering\/wp-json\/wp\/v2\/tags?post=5033"},{"taxonomy":"tribe_events_cat","embeddable":true,"href":"https:\/\/www.ifmarinvast.se\/orientering\/wp-json\/wp\/v2\/tribe_events_cat?post=5033"}],"curies":[{"name":"wp","href":"https:\/\/api.w.org\/{rel}","templated":true}]}}

Tisdagsträning i Påvelund

<p>Tisdagsträningen nu på tisdag den 28 augusti har samlingsplats vid Påvelunds Motionscentral. Start från kl 18. Lite annorlunda träning för alla nivåer hälsar Gösta.</p>
