{"id":4893,"date":"2018-04-11T10:32:50","date_gmt":"2018-04-11T08:32:50","guid":{"rendered":"http:\/\/www.ifmarinvast.se\/orientering\/?post_type=tribe_events&#038;p=4893"},"modified":"2018-05-25T22:10:10","modified_gmt":"2018-05-25T20:10:10","slug":"lordagstraning","status":"publish","type":"tribe_events","link":"https:\/\/www.ifmarinvast.se\/orientering\/kalender\/lordagstraning\/","title":{"rendered":"L\u00f6rdagstr\u00e4ning i Lindalen"},"content":{"rendered":"<p>L\u00f6rdagen den 26 maj har vi l\u00f6rdagstr\u00e4ning i Lindalen, Fiskeb\u00e4ck. Samling kl 11.00 i Lindalen, f\u00f6lj snitsling fr\u00e5n Fiskeb\u00e4cksbadets parkering. Gl\u00f6m inte kaffekorgen.<\/p>\n<p><a href=\"https:\/\/www.ifmarinvast.se\/orientering\/pm-lordagstraning-i-lindalen\/\">H\u00e4r finns PM.<\/a><\/p>\n","protected":false},"excerpt":{"rendered":"<p>L\u00f6rdagen den 26 maj har vi l\u00f6rdagstr\u00e4ning i Lindalen, Fiskeb\u00e4ck. Samling kl 11.00 i Lindalen, f\u00f6lj snitsling fr\u00e5n Fiskeb\u00e4cksbadets parkering. Gl\u00f6m inte kaffekorgen. H\u00e4r finns PM.<\/p>\n","protected":false},"author":4,"featured_media":0,"template":"","meta":{"_tribe_events_status":"","_tribe_events_status_reason":"","footnotes":""},"tags":[],"tribe_events_cat":[],"class_list":["post-4893","tribe_events","type-tribe_events","status-publish","hentry"],"_links":{"self":[{"href":"https:\/\/www.ifmarinvast.se\/orientering\/wp-json\/wp\/v2\/tribe_events\/4893","targetHints":{"allow":["GET"]}}],"collection":[{"href":"https:\/\/www.ifmarinvast.se\/orientering\/wp-json\/wp\/v2\/tribe_events"}],"about":[{"href":"https:\/\/www.ifmarinvast.se\/orientering\/wp-json\/wp\/v2\/types\/tribe_events"}],"author":[{"embeddable":true,"href":"https:\/\/www.ifmarinvast.se\/orientering\/wp-json\/wp\/v2\/users\/4"}],"version-history":[{"count":3,"href":"https:\/\/www.ifmarinvast.se\/orientering\/wp-json\/wp\/v2\/tribe_events\/4893\/revisions"}],"predecessor-version":[{"id":4991,"href":"https:\/\/www.ifmarinvast.se\/orientering\/wp-json\/wp\/v2\/tribe_events\/4893\/revisions\/4991"}],"wp:attachment":[{"href":"https:\/\/www.ifmarinvast.se\/orientering\/wp-json\/wp\/v2\/media?parent=4893"}],"wp:term":[{"taxonomy":"post_tag","embeddable":true,"href":"https:\/\/www.ifmarinvast.se\/orientering\/wp-json\/wp\/v2\/tags?post=4893"},{"taxonomy":"tribe_events_cat","embeddable":true,"href":"https:\/\/www.ifmarinvast.se\/orientering\/wp-json\/wp\/v2\/tribe_events_cat?post=4893"}],"curies":[{"name":"wp","href":"https:\/\/api.w.org\/{rel}","templated":true}]}}

Lördagsträning i Lindalen

<p>Lördagen den 26 maj har vi lördagsträning i Lindalen, Fiskebäck. Samling kl 11.00 i Lindalen, följ snitsling från Fiskebäcksbadets parkering. Glöm inte kaffekorgen.</p>
<p><a href="https://www.ifmarinvast.se/orientering/pm-lordagstraning-i-lindalen/">Här finns PM.</a></p>

<p>Lördagen den 26 maj har vi lördagsträning i Lindalen, Fiskebäck. Samling kl 11.00 i Lindalen, följ snitsling från Fiskebäcksbadets parkering. Glöm inte kaffekorgen. Här finns PM.</p>
