{"id":4885,"date":"2018-04-11T10:24:49","date_gmt":"2018-04-11T08:24:49","guid":{"rendered":"http:\/\/www.ifmarinvast.se\/orientering\/?post_type=tribe_events&#038;p=4885"},"modified":"2018-05-14T11:53:36","modified_gmt":"2018-05-14T09:53:36","slug":"tisdagstraning-13","status":"publish","type":"tribe_events","link":"https:\/\/www.ifmarinvast.se\/orientering\/kalender\/tisdagstraning-13\/","title":{"rendered":"Tisdagstr\u00e4ning i P\u00e5velund (Motionscentralen)"},"content":{"rendered":"<p>Tisdagstr\u00e4ning,\u00a0 Samling i P\u00e5velund kl 18:00. Vi ska tr\u00e4na kartkontakt och snabba riktningsf\u00f6r\u00e4ndingar med hj\u00e4lp av R\u00e4ven. Passar alla niv\u00e5er.<\/p>\n<div dir=\"auto\"><\/div>\n","protected":false},"excerpt":{"rendered":"<p>Tisdagstr\u00e4ning,\u00a0 Samling i P\u00e5velund kl 18:00. Vi ska tr\u00e4na kartkontakt och snabba riktningsf\u00f6r\u00e4ndingar med hj\u00e4lp av R\u00e4ven. Passar alla niv\u00e5er.<\/p>\n","protected":false},"author":4,"featured_media":0,"template":"","meta":{"_tribe_events_status":"","_tribe_events_status_reason":"","footnotes":""},"tags":[],"tribe_events_cat":[],"class_list":["post-4885","tribe_events","type-tribe_events","status-publish","hentry"],"_links":{"self":[{"href":"https:\/\/www.ifmarinvast.se\/orientering\/wp-json\/wp\/v2\/tribe_events\/4885","targetHints":{"allow":["GET"]}}],"collection":[{"href":"https:\/\/www.ifmarinvast.se\/orientering\/wp-json\/wp\/v2\/tribe_events"}],"about":[{"href":"https:\/\/www.ifmarinvast.se\/orientering\/wp-json\/wp\/v2\/types\/tribe_events"}],"author":[{"embeddable":true,"href":"https:\/\/www.ifmarinvast.se\/orientering\/wp-json\/wp\/v2\/users\/4"}],"version-history":[{"count":3,"href":"https:\/\/www.ifmarinvast.se\/orientering\/wp-json\/wp\/v2\/tribe_events\/4885\/revisions"}],"predecessor-version":[{"id":4956,"href":"https:\/\/www.ifmarinvast.se\/orientering\/wp-json\/wp\/v2\/tribe_events\/4885\/revisions\/4956"}],"wp:attachment":[{"href":"https:\/\/www.ifmarinvast.se\/orientering\/wp-json\/wp\/v2\/media?parent=4885"}],"wp:term":[{"taxonomy":"post_tag","embeddable":true,"href":"https:\/\/www.ifmarinvast.se\/orientering\/wp-json\/wp\/v2\/tags?post=4885"},{"taxonomy":"tribe_events_cat","embeddable":true,"href":"https:\/\/www.ifmarinvast.se\/orientering\/wp-json\/wp\/v2\/tribe_events_cat?post=4885"}],"curies":[{"name":"wp","href":"https:\/\/api.w.org\/{rel}","templated":true}]}}

Tisdagsträning i Påvelund (Motionscentralen)

<p>Tisdagsträning,  Samling i Påvelund kl 18:00. Vi ska träna kartkontakt och snabba riktningsförändingar med hjälp av Räven. Passar alla nivåer.</p>
<div dir="auto"></div>

<p>Tisdagsträning,  Samling i Påvelund kl 18:00. Vi ska träna kartkontakt och snabba riktningsförändingar med hjälp av Räven. Passar alla nivåer.</p>
