{"id":4740,"date":"2018-02-13T18:33:44","date_gmt":"2018-02-13T17:33:44","guid":{"rendered":"http:\/\/www.ifmarinvast.se\/orientering\/?post_type=tribe_events&#038;p=4740"},"modified":"2018-04-11T11:53:19","modified_gmt":"2018-04-11T09:53:19","slug":"tisdagstraning-10","status":"publish","type":"tribe_events","link":"https:\/\/www.ifmarinvast.se\/orientering\/kalender\/tisdagstraning-10\/","title":{"rendered":"Tisdagstr\u00e4ning"},"content":{"rendered":"<p>Tisdagstr\u00e4ning. Samling kl 18:00 vid P\u00e5velunds motionscentral. Staffan \u00e4r banl\u00e4ggare.<\/p>\n","protected":false},"excerpt":{"rendered":"<p>Tisdagstr\u00e4ning. Samling kl 18:00 vid P\u00e5velunds motionscentral. Staffan \u00e4r banl\u00e4ggare.<\/p>\n","protected":false},"author":4,"featured_media":0,"template":"","meta":{"_tribe_events_status":"","_tribe_events_status_reason":"","footnotes":""},"tags":[],"tribe_events_cat":[],"class_list":["post-4740","tribe_events","type-tribe_events","status-publish","hentry"],"_links":{"self":[{"href":"https:\/\/www.ifmarinvast.se\/orientering\/wp-json\/wp\/v2\/tribe_events\/4740","targetHints":{"allow":["GET"]}}],"collection":[{"href":"https:\/\/www.ifmarinvast.se\/orientering\/wp-json\/wp\/v2\/tribe_events"}],"about":[{"href":"https:\/\/www.ifmarinvast.se\/orientering\/wp-json\/wp\/v2\/types\/tribe_events"}],"author":[{"embeddable":true,"href":"https:\/\/www.ifmarinvast.se\/orientering\/wp-json\/wp\/v2\/users\/4"}],"version-history":[{"count":3,"href":"https:\/\/www.ifmarinvast.se\/orientering\/wp-json\/wp\/v2\/tribe_events\/4740\/revisions"}],"predecessor-version":[{"id":4900,"href":"https:\/\/www.ifmarinvast.se\/orientering\/wp-json\/wp\/v2\/tribe_events\/4740\/revisions\/4900"}],"wp:attachment":[{"href":"https:\/\/www.ifmarinvast.se\/orientering\/wp-json\/wp\/v2\/media?parent=4740"}],"wp:term":[{"taxonomy":"post_tag","embeddable":true,"href":"https:\/\/www.ifmarinvast.se\/orientering\/wp-json\/wp\/v2\/tags?post=4740"},{"taxonomy":"tribe_events_cat","embeddable":true,"href":"https:\/\/www.ifmarinvast.se\/orientering\/wp-json\/wp\/v2\/tribe_events_cat?post=4740"}],"curies":[{"name":"wp","href":"https:\/\/api.w.org\/{rel}","templated":true}]}}

Tisdagsträning

<p>Tisdagsträning. Samling kl 18:00 vid Påvelunds motionscentral. Staffan är banläggare.</p>
