{"id":4728,"date":"2018-02-13T18:26:16","date_gmt":"2018-02-13T17:26:16","guid":{"rendered":"http:\/\/www.ifmarinvast.se\/orientering\/?post_type=tribe_events&#038;p=4728"},"modified":"2018-04-04T15:49:20","modified_gmt":"2018-04-04T13:49:20","slug":"tisdagstraning-9","status":"publish","type":"tribe_events","link":"https:\/\/www.ifmarinvast.se\/orientering\/kalender\/tisdagstraning-9\/","title":{"rendered":"Tisdagstr\u00e4ning P\u00e5velund"},"content":{"rendered":"<p>Tisdagstr\u00e4ning, Samling kl 18:00 vid P\u00e5velunds Motionscentral. Lena och Ola har lagt banor.<\/p>\n","protected":false},"excerpt":{"rendered":"<p>Tisdagstr\u00e4ning, Samling kl 18:00 vid P\u00e5velunds Motionscentral. Lena och Ola har lagt banor.<\/p>\n","protected":false},"author":4,"featured_media":0,"template":"","meta":{"_tribe_events_status":"","_tribe_events_status_reason":"","footnotes":""},"tags":[],"tribe_events_cat":[],"class_list":["post-4728","tribe_events","type-tribe_events","status-publish","hentry"],"_links":{"self":[{"href":"https:\/\/www.ifmarinvast.se\/orientering\/wp-json\/wp\/v2\/tribe_events\/4728","targetHints":{"allow":["GET"]}}],"collection":[{"href":"https:\/\/www.ifmarinvast.se\/orientering\/wp-json\/wp\/v2\/tribe_events"}],"about":[{"href":"https:\/\/www.ifmarinvast.se\/orientering\/wp-json\/wp\/v2\/types\/tribe_events"}],"author":[{"embeddable":true,"href":"https:\/\/www.ifmarinvast.se\/orientering\/wp-json\/wp\/v2\/users\/4"}],"version-history":[{"count":2,"href":"https:\/\/www.ifmarinvast.se\/orientering\/wp-json\/wp\/v2\/tribe_events\/4728\/revisions"}],"predecessor-version":[{"id":4857,"href":"https:\/\/www.ifmarinvast.se\/orientering\/wp-json\/wp\/v2\/tribe_events\/4728\/revisions\/4857"}],"wp:attachment":[{"href":"https:\/\/www.ifmarinvast.se\/orientering\/wp-json\/wp\/v2\/media?parent=4728"}],"wp:term":[{"taxonomy":"post_tag","embeddable":true,"href":"https:\/\/www.ifmarinvast.se\/orientering\/wp-json\/wp\/v2\/tags?post=4728"},{"taxonomy":"tribe_events_cat","embeddable":true,"href":"https:\/\/www.ifmarinvast.se\/orientering\/wp-json\/wp\/v2\/tribe_events_cat?post=4728"}],"curies":[{"name":"wp","href":"https:\/\/api.w.org\/{rel}","templated":true}]}}

Tisdagsträning Påvelund

<p>Tisdagsträning, Samling kl 18:00 vid Påvelunds Motionscentral. Lena och Ola har lagt banor.</p>
