{"id":4691,"date":"2018-02-06T13:52:00","date_gmt":"2018-02-06T12:52:00","guid":{"rendered":"http:\/\/www.ifmarinvast.se\/orientering\/?post_type=tribe_events&#038;p=4691"},"modified":"2018-02-06T13:52:41","modified_gmt":"2018-02-06T12:52:41","slug":"arsmote","status":"publish","type":"tribe_events","link":"https:\/\/www.ifmarinvast.se\/orientering\/kalender\/arsmote\/","title":{"rendered":"\u00c5rsm\u00f6te"},"content":{"rendered":"<p><strong>Kallelse till \u00e5rsm\u00f6te f\u00f6r IF Marin V\u00e4st<\/strong><\/p>\n<p>V\u00e4lkommen till \u00e5rsm\u00f6te f\u00f6r IF Marin V\u00e4st torsdag 22 februari 2018 kl 19.00 i IF Marin V\u00e4sts klubbstuga, p\u00e5 G\u00f6teborgs Garnison.<\/p>\n<p><strong>F\u00f6rslag<\/strong><br \/>\nF\u00f6rslag till \u00e5rsm\u00f6tet ska l\u00e4mnas in till styrelsen av r\u00f6stber\u00e4ttigad medlem senast 8 februari. F\u00f6rslagen skickas till styrelsen@ifmarinvast.se.<\/p>\n<p><strong>Handlingar<\/strong><br \/>\nHandlingar inf\u00f6r \u00e5rsm\u00f6tet finns tillg\u00e4ngliga f\u00f6r medlemmarna senast en vecka f\u00f6re \u00e5rsm\u00f6tet. Mejla till styrelsen@ifmarinvast.se.<\/p>\n<p><a href=\"https:\/\/www.ifmarinvast.se\/orientering\/kallelse-och-dagordning-till-arsmote-for-if-marin-vast-2018\/\">Se hela kallelsen med dagordning \u00bb<\/a><\/p>\n<p>F\u00f6r att ha r\u00f6str\u00e4tt p\u00e5 \u00e5rsm\u00f6tet beh\u00f6ver du ha betalat <a href=\"https:\/\/www.ifmarinvast.se\/orientering\/medlem\/medlemsavgiften\/\">medlemsavgiften f\u00f6r 2018<\/a>.<\/p>\n","protected":false},"excerpt":{"rendered":"<p>Kallelse till \u00e5rsm\u00f6te f\u00f6r IF Marin V\u00e4st V\u00e4lkommen till \u00e5rsm\u00f6te f\u00f6r IF Marin V\u00e4st torsdag 22 februari 2018 kl 19.00 i IF Marin V\u00e4sts klubbstuga, p\u00e5 G\u00f6teborgs Garnison. F\u00f6rslag F\u00f6rslag [&hellip;]<\/p>\n","protected":false},"author":4,"featured_media":0,"template":"","meta":{"_tribe_events_status":"","_tribe_events_status_reason":"","footnotes":""},"tags":[],"tribe_events_cat":[],"class_list":["post-4691","tribe_events","type-tribe_events","status-publish","hentry"],"_links":{"self":[{"href":"https:\/\/www.ifmarinvast.se\/orientering\/wp-json\/wp\/v2\/tribe_events\/4691","targetHints":{"allow":["GET"]}}],"collection":[{"href":"https:\/\/www.ifmarinvast.se\/orientering\/wp-json\/wp\/v2\/tribe_events"}],"about":[{"href":"https:\/\/www.ifmarinvast.se\/orientering\/wp-json\/wp\/v2\/types\/tribe_events"}],"author":[{"embeddable":true,"href":"https:\/\/www.ifmarinvast.se\/orientering\/wp-json\/wp\/v2\/users\/4"}],"version-history":[{"count":3,"href":"https:\/\/www.ifmarinvast.se\/orientering\/wp-json\/wp\/v2\/tribe_events\/4691\/revisions"}],"predecessor-version":[{"id":4693,"href":"https:\/\/www.ifmarinvast.se\/orientering\/wp-json\/wp\/v2\/tribe_events\/4691\/revisions\/4693"}],"wp:attachment":[{"href":"https:\/\/www.ifmarinvast.se\/orientering\/wp-json\/wp\/v2\/media?parent=4691"}],"wp:term":[{"taxonomy":"post_tag","embeddable":true,"href":"https:\/\/www.ifmarinvast.se\/orientering\/wp-json\/wp\/v2\/tags?post=4691"},{"taxonomy":"tribe_events_cat","embeddable":true,"href":"https:\/\/www.ifmarinvast.se\/orientering\/wp-json\/wp\/v2\/tribe_events_cat?post=4691"}],"curies":[{"name":"wp","href":"https:\/\/api.w.org\/{rel}","templated":true}]}}

Årsmöte

<p><strong>Kallelse till årsmöte för IF Marin Väst</strong></p>
<p>Välkommen till årsmöte för IF Marin Väst torsdag 22 februari 2018 kl 19.00 i IF Marin Västs klubbstuga, på Göteborgs Garnison.</p>
<p><strong>Förslag</strong><br />
Förslag till årsmötet ska lämnas in till styrelsen av röstberättigad medlem senast 8 februari. Förslagen skickas till styrelsen@ifmarinvast.se.</p>
<p><strong>Handlingar</strong><br />
Handlingar inför årsmötet finns tillgängliga för medlemmarna senast en vecka före årsmötet. Mejla till styrelsen@ifmarinvast.se.</p>
<p><a href="https://www.ifmarinvast.se/orientering/kallelse-och-dagordning-till-arsmote-for-if-marin-vast-2018/">Se hela kallelsen med dagordning »</a></p>
<p>För att ha rösträtt på årsmötet behöver du ha betalat <a href="https://www.ifmarinvast.se/orientering/medlem/medlemsavgiften/">medlemsavgiften för 2018</a>.</p>

<p>Kallelse till årsmöte för IF Marin Väst Välkommen till årsmöte för IF Marin Väst torsdag 22 februari 2018 kl 19.00 i IF Marin Västs klubbstuga, på Göteborgs Garnison. Förslag Förslag [&hellip;]</p>
