{"id":4624,"date":"2017-12-05T18:00:37","date_gmt":"2017-12-05T17:00:37","guid":{"rendered":"http:\/\/www.ifmarinvast.se\/orientering\/?post_type=tribe_events&#038;p=4624"},"modified":"2017-12-05T18:00:37","modified_gmt":"2017-12-05T17:00:37","slug":"valkommen-pa-hostavslutning-och-75-arsfest-lordagen-den-16-december","status":"publish","type":"tribe_events","link":"https:\/\/www.ifmarinvast.se\/orientering\/kalender\/valkommen-pa-hostavslutning-och-75-arsfest-lordagen-den-16-december\/","title":{"rendered":"V\u00e4lkommen p\u00e5 h\u00f6stavslutning och 75-\u00e5rsfest l\u00f6rdagen den 16 december"},"content":{"rendered":"<div class=\"page\" title=\"Page 1\">\n<div class=\"layoutArea\">\n<div class=\"column\">\n<p><strong>V\u00e4lkommen p\u00e5 h\u00f6stavslutning och 75-\u00e5rsfest l\u00f6rdagen den 16 december<\/strong><\/p>\n<p>Plats: Flottans M\u00e4n, \u00d6rlogsv\u00e4gen 6 i Nya Varvet<\/p>\n<p>Avslutningen b\u00f6rjar kl 17.00! Vid 18-tiden b\u00f6rjar festen med god mat, dryck och dans!<\/p>\n<p>IF Marin V\u00e4st bjuder p\u00e5 festen f\u00f6r alla medlemmar. Icke medlemmar betalar 200 kr.<\/p>\n<p>Efter middagen serveras dryck i baren till sj\u00e4lvkostnadspris.<\/p>\n<p><strong>Anm\u00e4l dig till:<\/strong><\/p>\n<p>fest@ifmarinvast.se senast den 7 december. Skriv namn p\u00e5 alla du anm\u00e4ler<\/p>\n<p>V\u00e4lkommen!<\/p>\n<\/div>\n<\/div>\n<\/div>\n","protected":false},"excerpt":{"rendered":"<p>V\u00e4lkommen p\u00e5 h\u00f6stavslutning och 75-\u00e5rsfest l\u00f6rdagen den 16 december Plats: Flottans M\u00e4n, \u00d6rlogsv\u00e4gen 6 i Nya Varvet Avslutningen b\u00f6rjar kl 17.00! Vid 18-tiden b\u00f6rjar festen med god mat, dryck och [&hellip;]<\/p>\n","protected":false},"author":4,"featured_media":0,"template":"","meta":{"_tribe_events_status":"","_tribe_events_status_reason":"","footnotes":""},"tags":[],"tribe_events_cat":[],"class_list":["post-4624","tribe_events","type-tribe_events","status-publish","hentry"],"_links":{"self":[{"href":"https:\/\/www.ifmarinvast.se\/orientering\/wp-json\/wp\/v2\/tribe_events\/4624","targetHints":{"allow":["GET"]}}],"collection":[{"href":"https:\/\/www.ifmarinvast.se\/orientering\/wp-json\/wp\/v2\/tribe_events"}],"about":[{"href":"https:\/\/www.ifmarinvast.se\/orientering\/wp-json\/wp\/v2\/types\/tribe_events"}],"author":[{"embeddable":true,"href":"https:\/\/www.ifmarinvast.se\/orientering\/wp-json\/wp\/v2\/users\/4"}],"version-history":[{"count":1,"href":"https:\/\/www.ifmarinvast.se\/orientering\/wp-json\/wp\/v2\/tribe_events\/4624\/revisions"}],"predecessor-version":[{"id":4625,"href":"https:\/\/www.ifmarinvast.se\/orientering\/wp-json\/wp\/v2\/tribe_events\/4624\/revisions\/4625"}],"wp:attachment":[{"href":"https:\/\/www.ifmarinvast.se\/orientering\/wp-json\/wp\/v2\/media?parent=4624"}],"wp:term":[{"taxonomy":"post_tag","embeddable":true,"href":"https:\/\/www.ifmarinvast.se\/orientering\/wp-json\/wp\/v2\/tags?post=4624"},{"taxonomy":"tribe_events_cat","embeddable":true,"href":"https:\/\/www.ifmarinvast.se\/orientering\/wp-json\/wp\/v2\/tribe_events_cat?post=4624"}],"curies":[{"name":"wp","href":"https:\/\/api.w.org\/{rel}","templated":true}]}}

Välkommen på höstavslutning och 75-årsfest lördagen den 16 december

<div class="page" title="Page 1">
<div class="layoutArea">
<div class="column">
<p><strong>Välkommen på höstavslutning och 75-årsfest lördagen den 16 december</strong></p>
<p>Plats: Flottans Män, Örlogsvägen 6 i Nya Varvet</p>
<p>Avslutningen börjar kl 17.00! Vid 18-tiden börjar festen med god mat, dryck och dans!</p>
<p>IF Marin Väst bjuder på festen för alla medlemmar. Icke medlemmar betalar 200 kr.</p>
<p>Efter middagen serveras dryck i baren till självkostnadspris.</p>
<p><strong>Anmäl dig till:</strong></p>
<p>fest@ifmarinvast.se senast den 7 december. Skriv namn på alla du anmäler</p>
<p>Välkommen!</p>
</div>
</div>
</div>

<p>Välkommen på höstavslutning och 75-årsfest lördagen den 16 december Plats: Flottans Män, Örlogsvägen 6 i Nya Varvet Avslutningen börjar kl 17.00! Vid 18-tiden börjar festen med god mat, dryck och [&hellip;]</p>
