{"id":4554,"date":"2017-08-23T17:36:05","date_gmt":"2017-08-23T15:36:05","guid":{"rendered":"http:\/\/www.ifmarinvast.se\/orientering\/?post_type=tribe_events&#038;p=4554"},"modified":"2017-08-23T17:36:05","modified_gmt":"2017-08-23T15:36:05","slug":"uddevallatrofen-fd-silvatrofen","status":"publish","type":"tribe_events","link":"https:\/\/www.ifmarinvast.se\/orientering\/kalender\/uddevallatrofen-fd-silvatrofen\/","title":{"rendered":"Uddevallatrof\u00e9n (fd Silvatrof\u00e9n)"},"content":{"rendered":"<p>Patrullt\u00e4vling\u00a0\u00a0 \u00a0Uddevalla OK\u00a0\u00a0 \u00a0patrull l\u00e5ng<\/p>\n<p><a href=\"https:\/\/eventor.orientering.se\/Events\/Show\/15536\">Mer info i Eventor -&gt;<\/a><\/p>\n","protected":false},"excerpt":{"rendered":"<p>Patrullt\u00e4vling\u00a0\u00a0 \u00a0Uddevalla OK\u00a0\u00a0 \u00a0patrull l\u00e5ng Mer info i Eventor -&gt;<\/p>\n","protected":false},"author":4,"featured_media":0,"template":"","meta":{"_tribe_events_status":"","_tribe_events_status_reason":"","footnotes":""},"tags":[],"tribe_events_cat":[],"class_list":["post-4554","tribe_events","type-tribe_events","status-publish","hentry"],"_links":{"self":[{"href":"https:\/\/www.ifmarinvast.se\/orientering\/wp-json\/wp\/v2\/tribe_events\/4554","targetHints":{"allow":["GET"]}}],"collection":[{"href":"https:\/\/www.ifmarinvast.se\/orientering\/wp-json\/wp\/v2\/tribe_events"}],"about":[{"href":"https:\/\/www.ifmarinvast.se\/orientering\/wp-json\/wp\/v2\/types\/tribe_events"}],"author":[{"embeddable":true,"href":"https:\/\/www.ifmarinvast.se\/orientering\/wp-json\/wp\/v2\/users\/4"}],"version-history":[{"count":1,"href":"https:\/\/www.ifmarinvast.se\/orientering\/wp-json\/wp\/v2\/tribe_events\/4554\/revisions"}],"predecessor-version":[{"id":4555,"href":"https:\/\/www.ifmarinvast.se\/orientering\/wp-json\/wp\/v2\/tribe_events\/4554\/revisions\/4555"}],"wp:attachment":[{"href":"https:\/\/www.ifmarinvast.se\/orientering\/wp-json\/wp\/v2\/media?parent=4554"}],"wp:term":[{"taxonomy":"post_tag","embeddable":true,"href":"https:\/\/www.ifmarinvast.se\/orientering\/wp-json\/wp\/v2\/tags?post=4554"},{"taxonomy":"tribe_events_cat","embeddable":true,"href":"https:\/\/www.ifmarinvast.se\/orientering\/wp-json\/wp\/v2\/tribe_events_cat?post=4554"}],"curies":[{"name":"wp","href":"https:\/\/api.w.org\/{rel}","templated":true}]}}

Uddevallatrofén (fd Silvatrofén)

<p>Patrulltävling    Uddevalla OK    patrull lång</p>
<p><a href="https://eventor.orientering.se/Events/Show/15536">Mer info i Eventor -&gt;</a></p>

<p>Patrulltävling    Uddevalla OK    patrull lång Mer info i Eventor -&gt;</p>
