{"id":4517,"date":"2017-08-23T17:05:58","date_gmt":"2017-08-23T15:05:58","guid":{"rendered":"http:\/\/www.ifmarinvast.se\/orientering\/?post_type=tribe_events&#038;p=4517"},"modified":"2017-10-11T20:19:39","modified_gmt":"2017-10-11T18:19:39","slug":"konditionstraning-3","status":"publish","type":"tribe_events","link":"https:\/\/www.ifmarinvast.se\/orientering\/kalender\/konditionstraning-3\/","title":{"rendered":"Konditionstr\u00e4ning &#8211; L\u00f6ptr\u00e4ning i terr\u00e4ng med pannlampa"},"content":{"rendered":"<p>P\u00e5velund Motionscentral kl 18.00<\/p>\n<p>Vi ses som vanligt vid P\u00e5velundshallen kl 18 f\u00f6r utprovning av klubbens pannlampor. Har du egen \u00e4r det bra om den \u00e4r med.18.15 ger vi oss iv\u00e4g.<\/p>\n<p>Helst b\u00f6r du ha dina orienteringsskor. Det \u00e4r lite bl\u00f6tt och halt i terr\u00e4ngen.<\/p>\n<p>G\u00f6sta Malmer 070-558 42 55<\/p>\n","protected":false},"excerpt":{"rendered":"<p>P\u00e5velund Motionscentral kl 18.00 Vi ses som vanligt vid P\u00e5velundshallen kl 18 f\u00f6r utprovning av klubbens pannlampor. Har du egen \u00e4r det bra om den \u00e4r med.18.15 ger vi oss [&hellip;]<\/p>\n","protected":false},"author":4,"featured_media":0,"template":"","meta":{"_tribe_events_status":"","_tribe_events_status_reason":"","footnotes":""},"tags":[],"tribe_events_cat":[],"class_list":["post-4517","tribe_events","type-tribe_events","status-publish","hentry"],"_links":{"self":[{"href":"https:\/\/www.ifmarinvast.se\/orientering\/wp-json\/wp\/v2\/tribe_events\/4517","targetHints":{"allow":["GET"]}}],"collection":[{"href":"https:\/\/www.ifmarinvast.se\/orientering\/wp-json\/wp\/v2\/tribe_events"}],"about":[{"href":"https:\/\/www.ifmarinvast.se\/orientering\/wp-json\/wp\/v2\/types\/tribe_events"}],"author":[{"embeddable":true,"href":"https:\/\/www.ifmarinvast.se\/orientering\/wp-json\/wp\/v2\/users\/4"}],"version-history":[{"count":3,"href":"https:\/\/www.ifmarinvast.se\/orientering\/wp-json\/wp\/v2\/tribe_events\/4517\/revisions"}],"predecessor-version":[{"id":4605,"href":"https:\/\/www.ifmarinvast.se\/orientering\/wp-json\/wp\/v2\/tribe_events\/4517\/revisions\/4605"}],"wp:attachment":[{"href":"https:\/\/www.ifmarinvast.se\/orientering\/wp-json\/wp\/v2\/media?parent=4517"}],"wp:term":[{"taxonomy":"post_tag","embeddable":true,"href":"https:\/\/www.ifmarinvast.se\/orientering\/wp-json\/wp\/v2\/tags?post=4517"},{"taxonomy":"tribe_events_cat","embeddable":true,"href":"https:\/\/www.ifmarinvast.se\/orientering\/wp-json\/wp\/v2\/tribe_events_cat?post=4517"}],"curies":[{"name":"wp","href":"https:\/\/api.w.org\/{rel}","templated":true}]}}

Konditionsträning &#8211; Löpträning i terräng med pannlampa

<p>Påvelund Motionscentral kl 18.00</p>
<p>Vi ses som vanligt vid Påvelundshallen kl 18 för utprovning av klubbens pannlampor. Har du egen är det bra om den är med.18.15 ger vi oss iväg.</p>
<p>Helst bör du ha dina orienteringsskor. Det är lite blött och halt i terrängen.</p>
<p>Gösta Malmer 070-558 42 55</p>

<p>Påvelund Motionscentral kl 18.00 Vi ses som vanligt vid Påvelundshallen kl 18 för utprovning av klubbens pannlampor. Har du egen är det bra om den är med.18.15 ger vi oss [&hellip;]</p>
