{"id":4511,"date":"2017-08-23T17:03:17","date_gmt":"2017-08-23T15:03:17","guid":{"rendered":"http:\/\/www.ifmarinvast.se\/orientering\/?post_type=tribe_events&#038;p=4511"},"modified":"2017-09-25T21:21:23","modified_gmt":"2017-09-25T19:21:23","slug":"tisdagstraning-8","status":"publish","type":"tribe_events","link":"https:\/\/www.ifmarinvast.se\/orientering\/kalender\/tisdagstraning-8\/","title":{"rendered":"Tisdagstr\u00e4ning"},"content":{"rendered":"<p><b>Den 26 september har vi \u00e5rets sista orienteringstr\u00e4ning!<\/b><\/p>\n<div>\n<div>(Sen blir det f\u00f6rst\u00e5s andra roliga och nyttiga tr\u00e4ningar p\u00e5 tisdagarna.<\/div>\n<div>Motionstr\u00e4ning i oktober och sedan innetr\u00e4ning.)<\/div>\n<div><\/div>\n<div>Men i morgon \u00e4r det orientering som g\u00e4ller<\/div>\n<div>Vi ska k\u00f6ra R\u00e4ven. Den absolut roligast tr\u00e4ningen om du fr\u00e5gar mig.<\/div>\n<div><\/div>\n<div>Den f\u00f6ruts\u00e4tter att vi alla startar samtidigt.<\/div>\n<div><\/div>\n<div><b><u>Samling<\/u><\/b> vid Lerh\u00e5le\u00e4ngen i P\u00e5velundsslingan. V\u00e4gen dit fr\u00e5n motionscentralen \u00e4r snitslad.<\/div>\n<div>Vi startar 18.00 med en genomg\u00e5ng och 18.05 k\u00f6r vi. Det ska bli kul<\/div>\n<div><\/div>\n<div>Vi ses!<\/div>\n<div>Karin<\/div>\n<\/div>\n","protected":false},"excerpt":{"rendered":"<p>Den 26 september har vi \u00e5rets sista orienteringstr\u00e4ning! (Sen blir det f\u00f6rst\u00e5s andra roliga och nyttiga tr\u00e4ningar p\u00e5 tisdagarna. Motionstr\u00e4ning i oktober och sedan innetr\u00e4ning.) Men i morgon \u00e4r det [&hellip;]<\/p>\n","protected":false},"author":4,"featured_media":0,"template":"","meta":{"_tribe_events_status":"","_tribe_events_status_reason":"","footnotes":""},"tags":[],"tribe_events_cat":[],"class_list":["post-4511","tribe_events","type-tribe_events","status-publish","hentry"],"_links":{"self":[{"href":"https:\/\/www.ifmarinvast.se\/orientering\/wp-json\/wp\/v2\/tribe_events\/4511","targetHints":{"allow":["GET"]}}],"collection":[{"href":"https:\/\/www.ifmarinvast.se\/orientering\/wp-json\/wp\/v2\/tribe_events"}],"about":[{"href":"https:\/\/www.ifmarinvast.se\/orientering\/wp-json\/wp\/v2\/types\/tribe_events"}],"author":[{"embeddable":true,"href":"https:\/\/www.ifmarinvast.se\/orientering\/wp-json\/wp\/v2\/users\/4"}],"version-history":[{"count":3,"href":"https:\/\/www.ifmarinvast.se\/orientering\/wp-json\/wp\/v2\/tribe_events\/4511\/revisions"}],"predecessor-version":[{"id":4584,"href":"https:\/\/www.ifmarinvast.se\/orientering\/wp-json\/wp\/v2\/tribe_events\/4511\/revisions\/4584"}],"wp:attachment":[{"href":"https:\/\/www.ifmarinvast.se\/orientering\/wp-json\/wp\/v2\/media?parent=4511"}],"wp:term":[{"taxonomy":"post_tag","embeddable":true,"href":"https:\/\/www.ifmarinvast.se\/orientering\/wp-json\/wp\/v2\/tags?post=4511"},{"taxonomy":"tribe_events_cat","embeddable":true,"href":"https:\/\/www.ifmarinvast.se\/orientering\/wp-json\/wp\/v2\/tribe_events_cat?post=4511"}],"curies":[{"name":"wp","href":"https:\/\/api.w.org\/{rel}","templated":true}]}}

Tisdagsträning

<p><b>Den 26 september har vi årets sista orienteringsträning!</b></p>
<div>
<div>(Sen blir det förstås andra roliga och nyttiga träningar på tisdagarna.</div>
<div>Motionsträning i oktober och sedan inneträning.)</div>
<div></div>
<div>Men i morgon är det orientering som gäller</div>
<div>Vi ska köra Räven. Den absolut roligast träningen om du frågar mig.</div>
<div></div>
<div>Den förutsätter att vi alla startar samtidigt.</div>
<div></div>
<div><b><u>Samling</u></b> vid Lerhåleängen i Påvelundsslingan. Vägen dit från motionscentralen är snitslad.</div>
<div>Vi startar 18.00 med en genomgång och 18.05 kör vi. Det ska bli kul</div>
<div></div>
<div>Vi ses!</div>
<div>Karin</div>
</div>

<p>Den 26 september har vi årets sista orienteringsträning! (Sen blir det förstås andra roliga och nyttiga träningar på tisdagarna. Motionsträning i oktober och sedan inneträning.) Men i morgon är det [&hellip;]</p>
