{"id":4505,"date":"2017-08-23T17:00:56","date_gmt":"2017-08-23T15:00:56","guid":{"rendered":"http:\/\/www.ifmarinvast.se\/orientering\/?post_type=tribe_events&#038;p=4505"},"modified":"2017-09-04T13:08:22","modified_gmt":"2017-09-04T11:08:22","slug":"tisdagstraning-5","status":"publish","type":"tribe_events","link":"https:\/\/www.ifmarinvast.se\/orientering\/kalender\/tisdagstraning-5\/","title":{"rendered":"Tisdagstr\u00e4ning i Ruddalen"},"content":{"rendered":"<p><b>Ny samlingsplats f\u00f6r tisdagstr\u00e4ningen den 5 september!<\/b><br \/>\nSamling den 5 september kl 18:00 vid norra \u00e4nden av fotbollsplanerna i <u><b>Ruddalen<\/b><\/u>. Parkering i slutet av Kaver\u00f6sv\u00e4gen (tv\u00e4rgata till Grimmeredsv\u00e4gen). Linda arrangerar orientering f\u00f6r alla \u00e5ldrar.<\/p>\n<p>(P\u00e5 andra st\u00e4llen har det st\u00e5tt att tr\u00e4ningen \u00e4r i P\u00e5velund men det \u00e4r allts\u00e5 Ruddalen som g\u00e4ller imorgon).<\/p>\n","protected":false},"excerpt":{"rendered":"<p>Ny samlingsplats f\u00f6r tisdagstr\u00e4ningen den 5 september! Samling den 5 september kl 18:00 vid norra \u00e4nden av fotbollsplanerna i Ruddalen. Parkering i slutet av Kaver\u00f6sv\u00e4gen (tv\u00e4rgata till Grimmeredsv\u00e4gen). Linda arrangerar [&hellip;]<\/p>\n","protected":false},"author":4,"featured_media":0,"template":"","meta":{"_tribe_events_status":"","_tribe_events_status_reason":"","footnotes":""},"tags":[],"tribe_events_cat":[],"class_list":["post-4505","tribe_events","type-tribe_events","status-publish","hentry"],"_links":{"self":[{"href":"https:\/\/www.ifmarinvast.se\/orientering\/wp-json\/wp\/v2\/tribe_events\/4505","targetHints":{"allow":["GET"]}}],"collection":[{"href":"https:\/\/www.ifmarinvast.se\/orientering\/wp-json\/wp\/v2\/tribe_events"}],"about":[{"href":"https:\/\/www.ifmarinvast.se\/orientering\/wp-json\/wp\/v2\/types\/tribe_events"}],"author":[{"embeddable":true,"href":"https:\/\/www.ifmarinvast.se\/orientering\/wp-json\/wp\/v2\/users\/4"}],"version-history":[{"count":3,"href":"https:\/\/www.ifmarinvast.se\/orientering\/wp-json\/wp\/v2\/tribe_events\/4505\/revisions"}],"predecessor-version":[{"id":4574,"href":"https:\/\/www.ifmarinvast.se\/orientering\/wp-json\/wp\/v2\/tribe_events\/4505\/revisions\/4574"}],"wp:attachment":[{"href":"https:\/\/www.ifmarinvast.se\/orientering\/wp-json\/wp\/v2\/media?parent=4505"}],"wp:term":[{"taxonomy":"post_tag","embeddable":true,"href":"https:\/\/www.ifmarinvast.se\/orientering\/wp-json\/wp\/v2\/tags?post=4505"},{"taxonomy":"tribe_events_cat","embeddable":true,"href":"https:\/\/www.ifmarinvast.se\/orientering\/wp-json\/wp\/v2\/tribe_events_cat?post=4505"}],"curies":[{"name":"wp","href":"https:\/\/api.w.org\/{rel}","templated":true}]}}

Tisdagsträning i Ruddalen

<p><b>Ny samlingsplats för tisdagsträningen den 5 september!</b><br />
Samling den 5 september kl 18:00 vid norra änden av fotbollsplanerna i <u><b>Ruddalen</b></u>. Parkering i slutet av Kaverösvägen (tvärgata till Grimmeredsvägen). Linda arrangerar orientering för alla åldrar.</p>
<p>(På andra ställen har det stått att träningen är i Påvelund men det är alltså Ruddalen som gäller imorgon).</p>

<p>Ny samlingsplats för tisdagsträningen den 5 september! Samling den 5 september kl 18:00 vid norra änden av fotbollsplanerna i Ruddalen. Parkering i slutet av Kaverösvägen (tvärgata till Grimmeredsvägen). Linda arrangerar [&hellip;]</p>
