{"id":4503,"date":"2017-08-23T16:59:35","date_gmt":"2017-08-23T14:59:35","guid":{"rendered":"http:\/\/www.ifmarinvast.se\/orientering\/?post_type=tribe_events&#038;p=4503"},"modified":"2017-08-25T09:23:09","modified_gmt":"2017-08-25T07:23:09","slug":"tisdagstraning-i-ruddalen","status":"publish","type":"tribe_events","link":"https:\/\/www.ifmarinvast.se\/orientering\/kalender\/tisdagstraning-i-ruddalen\/","title":{"rendered":"Tisdagstr\u00e4ning i Ruddalen"},"content":{"rendered":"<p><a href=\"https:\/\/www.ifmarinvast.se\/orientering\/wp-content\/uploads\/2017\/08\/2017-08-29-tisdagstra\u0308ning-PM.pdf\">Information om tr\u00e4ningen finns i PM &gt;&gt;<\/a><\/p>\n<p>Tisdagstr\u00e4ningen \u00e4r denna vecka i <b><span class=\"il\">Ruddalen<\/span> <\/b>med samling kl 18:00 vid norra \u00e4nden av fotbollsplanerna i <span class=\"il\">Ruddalen<\/span>. Parkering i slutet av Kaver\u00f6sv\u00e4gen (tv\u00e4rgata till Grimmeredsv\u00e4gen).<\/p>\n","protected":false},"excerpt":{"rendered":"<p>Information om tr\u00e4ningen finns i PM &gt;&gt; Tisdagstr\u00e4ningen \u00e4r denna vecka i Ruddalen med samling kl 18:00 vid norra \u00e4nden av fotbollsplanerna i Ruddalen. Parkering i slutet av Kaver\u00f6sv\u00e4gen (tv\u00e4rgata [&hellip;]<\/p>\n","protected":false},"author":4,"featured_media":0,"template":"","meta":{"_tribe_events_status":"","_tribe_events_status_reason":"","footnotes":""},"tags":[],"tribe_events_cat":[],"class_list":["post-4503","tribe_events","type-tribe_events","status-publish","hentry"],"_links":{"self":[{"href":"https:\/\/www.ifmarinvast.se\/orientering\/wp-json\/wp\/v2\/tribe_events\/4503","targetHints":{"allow":["GET"]}}],"collection":[{"href":"https:\/\/www.ifmarinvast.se\/orientering\/wp-json\/wp\/v2\/tribe_events"}],"about":[{"href":"https:\/\/www.ifmarinvast.se\/orientering\/wp-json\/wp\/v2\/types\/tribe_events"}],"author":[{"embeddable":true,"href":"https:\/\/www.ifmarinvast.se\/orientering\/wp-json\/wp\/v2\/users\/4"}],"version-history":[{"count":2,"href":"https:\/\/www.ifmarinvast.se\/orientering\/wp-json\/wp\/v2\/tribe_events\/4503\/revisions"}],"predecessor-version":[{"id":4564,"href":"https:\/\/www.ifmarinvast.se\/orientering\/wp-json\/wp\/v2\/tribe_events\/4503\/revisions\/4564"}],"wp:attachment":[{"href":"https:\/\/www.ifmarinvast.se\/orientering\/wp-json\/wp\/v2\/media?parent=4503"}],"wp:term":[{"taxonomy":"post_tag","embeddable":true,"href":"https:\/\/www.ifmarinvast.se\/orientering\/wp-json\/wp\/v2\/tags?post=4503"},{"taxonomy":"tribe_events_cat","embeddable":true,"href":"https:\/\/www.ifmarinvast.se\/orientering\/wp-json\/wp\/v2\/tribe_events_cat?post=4503"}],"curies":[{"name":"wp","href":"https:\/\/api.w.org\/{rel}","templated":true}]}}

Tisdagsträning i Ruddalen

<p><a href="https://www.ifmarinvast.se/orientering/wp-content/uploads/2017/08/2017-08-29-tisdagsträning-PM.pdf">Information om träningen finns i PM &gt;&gt;</a></p>
<p>Tisdagsträningen är denna vecka i <b><span class="il">Ruddalen</span> </b>med samling kl 18:00 vid norra änden av fotbollsplanerna i <span class="il">Ruddalen</span>. Parkering i slutet av Kaverösvägen (tvärgata till Grimmeredsvägen).</p>

<p>Information om träningen finns i PM &gt;&gt; Tisdagsträningen är denna vecka i Ruddalen med samling kl 18:00 vid norra änden av fotbollsplanerna i Ruddalen. Parkering i slutet av Kaverösvägen (tvärgata [&hellip;]</p>
