{"id":4335,"date":"2017-01-15T17:57:19","date_gmt":"2017-01-15T16:57:19","guid":{"rendered":"http:\/\/www.ifmarinvast.se\/orientering\/?post_type=tribe_events&#038;p=4335"},"modified":"2017-01-15T17:57:19","modified_gmt":"2017-01-15T16:57:19","slug":"sprinttavlingar-i-varberg-och-lysekil","status":"publish","type":"tribe_events","link":"https:\/\/www.ifmarinvast.se\/orientering\/kalender\/sprinttavlingar-i-varberg-och-lysekil\/","title":{"rendered":"Sprintt\u00e4vlingar i Varberg och Lysekil"},"content":{"rendered":"<table id=\"eventCalendar\"  class=\"fullWidth table table-hover\" >\n<tbody>\n<tr class=\"holiday firstRowOfDate \">\n<td><a href=\"http:\/\/eventor.orientering.se\/Events\/Show\/15268\">DM, sprint, Halland<\/a><\/td>\n<td><span class=\"ol_InlineIcon\"><img decoding=\"async\" title=\"\" src=\"https:\/\/eventor.orientering.se\/Organisation\/Logotype\/86?type=InlineIcon\" alt=\"\" \/>FK Friskus-Varberg<\/span><\/td>\n<td>Halland<\/td>\n<td><\/td>\n<td><span class=\"tooltip\">m\u00e4st<\/span><\/td>\n<td><\/td>\n<td><span class=\"tooltip\">S<\/span><\/td>\n<td><\/td>\n<td>\n<div class=\"tooltip firstDeadline\"><\/div>\n<\/td>\n<td class=\"icons\"><input id=\"Event_15268\" class=\"checkbox\" name=\"Event_15268\" type=\"checkbox\" \/><\/td>\n<\/tr>\n<tr class=\"holiday \">\n<td><a href=\"http:\/\/eventor.orientering.se\/Events\/Show\/15269\">DM, sprintstafett, Halland<\/a><\/td>\n<td><span class=\"ol_InlineIcon\"><img decoding=\"async\" title=\"\" src=\"https:\/\/eventor.orientering.se\/Organisation\/Logotype\/86?type=InlineIcon\" alt=\"\" \/>FK Friskus-Varberg<\/span><\/td>\n<td>Halland<\/td>\n<td><\/td>\n<td><span class=\"tooltip\">m\u00e4st<\/span><\/td>\n<td><span class=\"tooltip\">S<\/span><\/td>\n<td><span class=\"tooltip\">S<\/span><\/td>\n<td><\/td>\n<td>\n<div class=\"tooltip firstDeadline\"><\/div>\n<\/td>\n<td class=\"icons\"><input id=\"Event_15269\" class=\"checkbox\" name=\"Event_15269\" type=\"checkbox\" \/><\/td>\n<\/tr>\n<tr class=\"holiday \">\n<td><a href=\"http:\/\/eventor.orientering.se\/Events\/Show\/16076\">ICA-Anders sprint G\u00e4llstad<\/a><\/td>\n<td><span class=\"ol_InlineIcon\"><img decoding=\"async\" title=\"\" src=\"https:\/\/eventor.orientering.se\/Organisation\/Logotype\/641?type=InlineIcon\" alt=\"\" \/>G\u00e4llstadbygdens SOK<\/span><\/td>\n<td>V\u00e4sterg\u00f6tland<\/td>\n<td><\/td>\n<td><span class=\"tooltip\">dist<\/span><\/td>\n<td><\/td>\n<td><span class=\"tooltip\">S<\/span><\/td>\n<td><\/td>\n<td><\/td>\n<td class=\"icons\"><\/td>\n<\/tr>\n<tr class=\"holiday \">\n<td><a href=\"http:\/\/eventor.orientering.se\/Events\/Show\/17463\">SAIS dubbelsprint, etapp 1<\/a><\/td>\n<td><span class=\"ol_InlineIcon\"><img decoding=\"async\" title=\"\" src=\"https:\/\/eventor.orientering.se\/Organisation\/Logotype\/371?type=InlineIcon\" alt=\"\" \/>St\u00e5ngen\u00e4s AIS<\/span><\/td>\n<td>Bohusl\u00e4n-Dal<\/td>\n<td><\/td>\n<td><span class=\"tooltip\">nat<\/span><\/td>\n<td><\/td>\n<td><span class=\"tooltip\">L<\/span><\/td>\n<td><\/td>\n<td><\/td>\n<td class=\"icons\"><\/td>\n<\/tr>\n<tr class=\"holiday \">\n<td><a href=\"http:\/\/eventor.orientering.se\/Events\/Show\/17463\">SAIS dubbelsprint, etapp 2<\/a><\/td>\n<td><span class=\"ol_InlineIcon\"><img decoding=\"async\" title=\"\" src=\"https:\/\/eventor.orientering.se\/Organisation\/Logotype\/371?type=InlineIcon\" alt=\"\" \/>St\u00e5ngen\u00e4s AIS<\/span><\/td>\n<td>Bohusl\u00e4n-Dal<\/td>\n<td><\/td>\n<td><span class=\"tooltip\">nat<\/span><\/td>\n<td><\/td>\n<td><span class=\"tooltip\">L<\/span><\/td>\n<td><\/td>\n<td><\/td>\n<\/tr>\n<\/tbody>\n<\/table>\n","protected":false},"excerpt":{"rendered":"<p>DM, sprint, Halland FK Friskus-Varberg Halland m\u00e4st S DM, sprintstafett, Halland FK Friskus-Varberg Halland m\u00e4st S S ICA-Anders sprint G\u00e4llstad G\u00e4llstadbygdens SOK V\u00e4sterg\u00f6tland dist S SAIS dubbelsprint, etapp 1 St\u00e5ngen\u00e4s [&hellip;]<\/p>\n","protected":false},"author":3,"featured_media":0,"template":"","meta":{"_tribe_events_status":"","_tribe_events_status_reason":"","footnotes":""},"tags":[],"tribe_events_cat":[255],"class_list":["post-4335","tribe_events","type-tribe_events","status-publish","hentry","tribe_events_cat-tavling","cat_tavling"],"_links":{"self":[{"href":"https:\/\/www.ifmarinvast.se\/orientering\/wp-json\/wp\/v2\/tribe_events\/4335","targetHints":{"allow":["GET"]}}],"collection":[{"href":"https:\/\/www.ifmarinvast.se\/orientering\/wp-json\/wp\/v2\/tribe_events"}],"about":[{"href":"https:\/\/www.ifmarinvast.se\/orientering\/wp-json\/wp\/v2\/types\/tribe_events"}],"author":[{"embeddable":true,"href":"https:\/\/www.ifmarinvast.se\/orientering\/wp-json\/wp\/v2\/users\/3"}],"version-history":[{"count":1,"href":"https:\/\/www.ifmarinvast.se\/orientering\/wp-json\/wp\/v2\/tribe_events\/4335\/revisions"}],"predecessor-version":[{"id":4336,"href":"https:\/\/www.ifmarinvast.se\/orientering\/wp-json\/wp\/v2\/tribe_events\/4335\/revisions\/4336"}],"wp:attachment":[{"href":"https:\/\/www.ifmarinvast.se\/orientering\/wp-json\/wp\/v2\/media?parent=4335"}],"wp:term":[{"taxonomy":"post_tag","embeddable":true,"href":"https:\/\/www.ifmarinvast.se\/orientering\/wp-json\/wp\/v2\/tags?post=4335"},{"taxonomy":"tribe_events_cat","embeddable":true,"href":"https:\/\/www.ifmarinvast.se\/orientering\/wp-json\/wp\/v2\/tribe_events_cat?post=4335"}],"curies":[{"name":"wp","href":"https:\/\/api.w.org\/{rel}","templated":true}]}}

Sprinttävlingar i Varberg och Lysekil

<table id="eventCalendar"  class="fullWidth table table-hover" >
<tbody>
<tr class="holiday firstRowOfDate ">
<td><a href="http://eventor.orientering.se/Events/Show/15268">DM, sprint, Halland</a></td>
<td><span class="ol_InlineIcon"><img decoding="async" title="" src="https://eventor.orientering.se/Organisation/Logotype/86?type=InlineIcon" alt="" />FK Friskus-Varberg</span></td>
<td>Halland</td>
<td></td>
<td><span class="tooltip">mäst</span></td>
<td></td>
<td><span class="tooltip">S</span></td>
<td></td>
<td>
<div class="tooltip firstDeadline"></div>
</td>
<td class="icons"><input id="Event_15268" class="checkbox" name="Event_15268" type="checkbox" /></td>
</tr>
<tr class="holiday ">
<td><a href="http://eventor.orientering.se/Events/Show/15269">DM, sprintstafett, Halland</a></td>
<td><span class="ol_InlineIcon"><img decoding="async" title="" src="https://eventor.orientering.se/Organisation/Logotype/86?type=InlineIcon" alt="" />FK Friskus-Varberg</span></td>
<td>Halland</td>
<td></td>
<td><span class="tooltip">mäst</span></td>
<td><span class="tooltip">S</span></td>
<td><span class="tooltip">S</span></td>
<td></td>
<td>
<div class="tooltip firstDeadline"></div>
</td>
<td class="icons"><input id="Event_15269" class="checkbox" name="Event_15269" type="checkbox" /></td>
</tr>
<tr class="holiday ">
<td><a href="http://eventor.orientering.se/Events/Show/16076">ICA-Anders sprint Gällstad</a></td>
<td><span class="ol_InlineIcon"><img decoding="async" title="" src="https://eventor.orientering.se/Organisation/Logotype/641?type=InlineIcon" alt="" />Gällstadbygdens SOK</span></td>
<td>Västergötland</td>
<td></td>
<td><span class="tooltip">dist</span></td>
<td></td>
<td><span class="tooltip">S</span></td>
<td></td>
<td></td>
<td class="icons"></td>
</tr>
<tr class="holiday ">
<td><a href="http://eventor.orientering.se/Events/Show/17463">SAIS dubbelsprint, etapp 1</a></td>
<td><span class="ol_InlineIcon"><img decoding="async" title="" src="https://eventor.orientering.se/Organisation/Logotype/371?type=InlineIcon" alt="" />Stångenäs AIS</span></td>
<td>Bohuslän-Dal</td>
<td></td>
<td><span class="tooltip">nat</span></td>
<td></td>
<td><span class="tooltip">L</span></td>
<td></td>
<td></td>
<td class="icons"></td>
</tr>
<tr class="holiday ">
<td><a href="http://eventor.orientering.se/Events/Show/17463">SAIS dubbelsprint, etapp 2</a></td>
<td><span class="ol_InlineIcon"><img decoding="async" title="" src="https://eventor.orientering.se/Organisation/Logotype/371?type=InlineIcon" alt="" />Stångenäs AIS</span></td>
<td>Bohuslän-Dal</td>
<td></td>
<td><span class="tooltip">nat</span></td>
<td></td>
<td><span class="tooltip">L</span></td>
<td></td>
<td></td>
</tr>
</tbody>
</table>

<p>DM, sprint, Halland FK Friskus-Varberg Halland mäst S DM, sprintstafett, Halland FK Friskus-Varberg Halland mäst S S ICA-Anders sprint Gällstad Gällstadbygdens SOK Västergötland dist S SAIS dubbelsprint, etapp 1 Stångenäs [&hellip;]</p>
