{"id":4331,"date":"2017-01-15T17:52:31","date_gmt":"2017-01-15T16:52:31","guid":{"rendered":"http:\/\/www.ifmarinvast.se\/orientering\/?post_type=tribe_events&#038;p=4331"},"modified":"2017-01-15T17:52:31","modified_gmt":"2017-01-15T16:52:31","slug":"ymers-jubileumstavling-boras","status":"publish","type":"tribe_events","link":"https:\/\/www.ifmarinvast.se\/orientering\/kalender\/ymers-jubileumstavling-boras\/","title":{"rendered":"Ymers jubileumst\u00e4vling, Bor\u00e5s"},"content":{"rendered":"<p>Medeldistanst\u00e4vling. Se\u00a0<a href=\"http:\/\/eventor.orientering.se\/Events\/Show\/15405\">http:\/\/eventor.orientering.se\/Events\/Show\/15405<\/a><\/p>\n","protected":false},"excerpt":{"rendered":"<p>Medeldistanst\u00e4vling. Se\u00a0http:\/\/eventor.orientering.se\/Events\/Show\/15405<\/p>\n","protected":false},"author":3,"featured_media":0,"template":"","meta":{"_tribe_events_status":"","_tribe_events_status_reason":"","footnotes":""},"tags":[],"tribe_events_cat":[255,276],"class_list":["post-4331","tribe_events","type-tribe_events","status-publish","hentry","tribe_events_cat-tavling","tribe_events_cat-ungdom","cat_tavling","cat_ungdom"],"_links":{"self":[{"href":"https:\/\/www.ifmarinvast.se\/orientering\/wp-json\/wp\/v2\/tribe_events\/4331","targetHints":{"allow":["GET"]}}],"collection":[{"href":"https:\/\/www.ifmarinvast.se\/orientering\/wp-json\/wp\/v2\/tribe_events"}],"about":[{"href":"https:\/\/www.ifmarinvast.se\/orientering\/wp-json\/wp\/v2\/types\/tribe_events"}],"author":[{"embeddable":true,"href":"https:\/\/www.ifmarinvast.se\/orientering\/wp-json\/wp\/v2\/users\/3"}],"version-history":[{"count":1,"href":"https:\/\/www.ifmarinvast.se\/orientering\/wp-json\/wp\/v2\/tribe_events\/4331\/revisions"}],"predecessor-version":[{"id":4332,"href":"https:\/\/www.ifmarinvast.se\/orientering\/wp-json\/wp\/v2\/tribe_events\/4331\/revisions\/4332"}],"wp:attachment":[{"href":"https:\/\/www.ifmarinvast.se\/orientering\/wp-json\/wp\/v2\/media?parent=4331"}],"wp:term":[{"taxonomy":"post_tag","embeddable":true,"href":"https:\/\/www.ifmarinvast.se\/orientering\/wp-json\/wp\/v2\/tags?post=4331"},{"taxonomy":"tribe_events_cat","embeddable":true,"href":"https:\/\/www.ifmarinvast.se\/orientering\/wp-json\/wp\/v2\/tribe_events_cat?post=4331"}],"curies":[{"name":"wp","href":"https:\/\/api.w.org\/{rel}","templated":true}]}}

Ymers jubileumstävling, Borås

<p>Medeldistanstävling. Se <a href="http://eventor.orientering.se/Events/Show/15405">http://eventor.orientering.se/Events/Show/15405</a></p>

<p>Medeldistanstävling. Se http://eventor.orientering.se/Events/Show/15405</p>
