{"id":4315,"date":"2017-01-15T17:41:10","date_gmt":"2017-01-15T16:41:10","guid":{"rendered":"http:\/\/www.ifmarinvast.se\/orientering\/?post_type=tribe_events&#038;p=4315"},"modified":"2017-01-15T17:41:10","modified_gmt":"2017-01-15T16:41:10","slug":"tiomilakavlen-ifmv-ar-med-och-arrangerar","status":"publish","type":"tribe_events","link":"https:\/\/www.ifmarinvast.se\/orientering\/kalender\/tiomilakavlen-ifmv-ar-med-och-arrangerar\/","title":{"rendered":"Tiomilakavlen, IFMV \u00e4r med och arrangerar"},"content":{"rendered":"<p>De tre stafetterna i Tiomilakavlen g\u00e5r i G\u00f6teborg i \u00e5r! De \u00e4r<\/p>\n<ul>\n<li>Ungdomskavlen, l\u00f6rdag, fyra str\u00e4ckor<\/li>\n<li>Damkavlen, l\u00f6rdag, fem str\u00e4ckor<\/li>\n<li>10-milakavlen, natten l\u00f6rdag-s\u00f6ndag, 10 str\u00e4ckor<\/li>\n<\/ul>\n<p>Vi kommer att arbeta\u00a0i arrangemanget genom att g\u00f6ra viltavdrivning under l\u00f6rdagen.<\/p>\n<p>Se\u00a0<a href=\"https:\/\/eventor.orientering.se\/Events\/Show\/14802\">https:\/\/eventor.orientering.se\/Events\/Show\/14802<\/a>\u00a0och\u00a0<a href=\"http:\/\/www.10mila.se\/\">http:\/\/www.10mila.se\/<\/a>\u00a0f\u00f6r mer info om t\u00e4vlingen.<\/p>\n","protected":false},"excerpt":{"rendered":"<p>De tre stafetterna i Tiomilakavlen g\u00e5r i G\u00f6teborg i \u00e5r! De \u00e4r Ungdomskavlen, l\u00f6rdag, fyra str\u00e4ckor Damkavlen, l\u00f6rdag, fem str\u00e4ckor 10-milakavlen, natten l\u00f6rdag-s\u00f6ndag, 10 str\u00e4ckor Vi kommer att arbeta\u00a0i arrangemanget [&hellip;]<\/p>\n","protected":false},"author":3,"featured_media":0,"template":"","meta":{"_tribe_events_status":"","_tribe_events_status_reason":"","footnotes":""},"tags":[],"tribe_events_cat":[393,255,276],"class_list":["post-4315","tribe_events","type-tribe_events","status-publish","hentry","tribe_events_cat-ifmv-arrangemang","tribe_events_cat-tavling","tribe_events_cat-ungdom","cat_ifmv-arrangemang","cat_tavling","cat_ungdom"],"_links":{"self":[{"href":"https:\/\/www.ifmarinvast.se\/orientering\/wp-json\/wp\/v2\/tribe_events\/4315","targetHints":{"allow":["GET"]}}],"collection":[{"href":"https:\/\/www.ifmarinvast.se\/orientering\/wp-json\/wp\/v2\/tribe_events"}],"about":[{"href":"https:\/\/www.ifmarinvast.se\/orientering\/wp-json\/wp\/v2\/types\/tribe_events"}],"author":[{"embeddable":true,"href":"https:\/\/www.ifmarinvast.se\/orientering\/wp-json\/wp\/v2\/users\/3"}],"version-history":[{"count":1,"href":"https:\/\/www.ifmarinvast.se\/orientering\/wp-json\/wp\/v2\/tribe_events\/4315\/revisions"}],"predecessor-version":[{"id":4316,"href":"https:\/\/www.ifmarinvast.se\/orientering\/wp-json\/wp\/v2\/tribe_events\/4315\/revisions\/4316"}],"wp:attachment":[{"href":"https:\/\/www.ifmarinvast.se\/orientering\/wp-json\/wp\/v2\/media?parent=4315"}],"wp:term":[{"taxonomy":"post_tag","embeddable":true,"href":"https:\/\/www.ifmarinvast.se\/orientering\/wp-json\/wp\/v2\/tags?post=4315"},{"taxonomy":"tribe_events_cat","embeddable":true,"href":"https:\/\/www.ifmarinvast.se\/orientering\/wp-json\/wp\/v2\/tribe_events_cat?post=4315"}],"curies":[{"name":"wp","href":"https:\/\/api.w.org\/{rel}","templated":true}]}}

Tiomilakavlen, IFMV är med och arrangerar

<p>De tre stafetterna i Tiomilakavlen går i Göteborg i år! De är</p>
<ul>
<li>Ungdomskavlen, lördag, fyra sträckor</li>
<li>Damkavlen, lördag, fem sträckor</li>
<li>10-milakavlen, natten lördag-söndag, 10 sträckor</li>
</ul>
<p>Vi kommer att arbeta i arrangemanget genom att göra viltavdrivning under lördagen.</p>
<p>Se <a href="https://eventor.orientering.se/Events/Show/14802">https://eventor.orientering.se/Events/Show/14802</a> och <a href="http://www.10mila.se/">http://www.10mila.se/</a> för mer info om tävlingen.</p>

<p>De tre stafetterna i Tiomilakavlen går i Göteborg i år! De är Ungdomskavlen, lördag, fyra sträckor Damkavlen, lördag, fem sträckor 10-milakavlen, natten lördag-söndag, 10 sträckor Vi kommer att arbeta i arrangemanget [&hellip;]</p>
