{"id":4305,"date":"2017-01-15T17:25:51","date_gmt":"2017-01-15T16:25:51","guid":{"rendered":"http:\/\/www.ifmarinvast.se\/orientering\/?post_type=tribe_events&#038;p=4305"},"modified":"2017-01-15T17:25:51","modified_gmt":"2017-01-15T16:25:51","slug":"annandag-pask-snotrampen-fjaras","status":"publish","type":"tribe_events","link":"https:\/\/www.ifmarinvast.se\/orientering\/kalender\/annandag-pask-snotrampen-fjaras\/","title":{"rendered":"Annandag P\u00e5sk: Sn\u00f6trampen, Fj\u00e4r\u00e5s"},"content":{"rendered":"<p>L\u00e5ngdistanst\u00e4vling. Se\u00a0<a href=\"http:\/\/eventor.orientering.se\/Events\/Show\/15220\">http:\/\/eventor.orientering.se\/Events\/Show\/15220<\/a><\/p>\n","protected":false},"excerpt":{"rendered":"<p>L\u00e5ngdistanst\u00e4vling. Se\u00a0http:\/\/eventor.orientering.se\/Events\/Show\/15220<\/p>\n","protected":false},"author":3,"featured_media":0,"template":"","meta":{"_tribe_events_status":"","_tribe_events_status_reason":"","footnotes":""},"tags":[],"tribe_events_cat":[255,276],"class_list":["post-4305","tribe_events","type-tribe_events","status-publish","hentry","tribe_events_cat-tavling","tribe_events_cat-ungdom","cat_tavling","cat_ungdom"],"_links":{"self":[{"href":"https:\/\/www.ifmarinvast.se\/orientering\/wp-json\/wp\/v2\/tribe_events\/4305","targetHints":{"allow":["GET"]}}],"collection":[{"href":"https:\/\/www.ifmarinvast.se\/orientering\/wp-json\/wp\/v2\/tribe_events"}],"about":[{"href":"https:\/\/www.ifmarinvast.se\/orientering\/wp-json\/wp\/v2\/types\/tribe_events"}],"author":[{"embeddable":true,"href":"https:\/\/www.ifmarinvast.se\/orientering\/wp-json\/wp\/v2\/users\/3"}],"version-history":[{"count":1,"href":"https:\/\/www.ifmarinvast.se\/orientering\/wp-json\/wp\/v2\/tribe_events\/4305\/revisions"}],"predecessor-version":[{"id":4306,"href":"https:\/\/www.ifmarinvast.se\/orientering\/wp-json\/wp\/v2\/tribe_events\/4305\/revisions\/4306"}],"wp:attachment":[{"href":"https:\/\/www.ifmarinvast.se\/orientering\/wp-json\/wp\/v2\/media?parent=4305"}],"wp:term":[{"taxonomy":"post_tag","embeddable":true,"href":"https:\/\/www.ifmarinvast.se\/orientering\/wp-json\/wp\/v2\/tags?post=4305"},{"taxonomy":"tribe_events_cat","embeddable":true,"href":"https:\/\/www.ifmarinvast.se\/orientering\/wp-json\/wp\/v2\/tribe_events_cat?post=4305"}],"curies":[{"name":"wp","href":"https:\/\/api.w.org\/{rel}","templated":true}]}}

Annandag Påsk: Snötrampen, Fjärås

<p>Långdistanstävling. Se <a href="http://eventor.orientering.se/Events/Show/15220">http://eventor.orientering.se/Events/Show/15220</a></p>

<p>Långdistanstävling. Se http://eventor.orientering.se/Events/Show/15220</p>
