{"id":4303,"date":"2017-01-15T17:24:19","date_gmt":"2017-01-15T16:24:19","guid":{"rendered":"http:\/\/www.ifmarinvast.se\/orientering\/?post_type=tribe_events&#038;p=4303"},"modified":"2017-01-15T17:24:19","modified_gmt":"2017-01-15T16:24:19","slug":"paskdagen-bohuslunken-uddevalla","status":"publish","type":"tribe_events","link":"https:\/\/www.ifmarinvast.se\/orientering\/kalender\/paskdagen-bohuslunken-uddevalla\/","title":{"rendered":"P\u00e5skdagen: Bohuslunken, Uddevalla"},"content":{"rendered":"<p>L\u00e5ngdistanst\u00e4vling. Se\u00a0<a href=\"https:\/\/eventor.orientering.se\/Events\/Show\/15535\">https:\/\/eventor.orientering.se\/Events\/Show\/15535<\/a><\/p>\n","protected":false},"excerpt":{"rendered":"<p>L\u00e5ngdistanst\u00e4vling. Se\u00a0https:\/\/eventor.orientering.se\/Events\/Show\/15535<\/p>\n","protected":false},"author":3,"featured_media":0,"template":"","meta":{"_tribe_events_status":"","_tribe_events_status_reason":"","footnotes":""},"tags":[],"tribe_events_cat":[255],"class_list":["post-4303","tribe_events","type-tribe_events","status-publish","hentry","tribe_events_cat-tavling","cat_tavling"],"_links":{"self":[{"href":"https:\/\/www.ifmarinvast.se\/orientering\/wp-json\/wp\/v2\/tribe_events\/4303","targetHints":{"allow":["GET"]}}],"collection":[{"href":"https:\/\/www.ifmarinvast.se\/orientering\/wp-json\/wp\/v2\/tribe_events"}],"about":[{"href":"https:\/\/www.ifmarinvast.se\/orientering\/wp-json\/wp\/v2\/types\/tribe_events"}],"author":[{"embeddable":true,"href":"https:\/\/www.ifmarinvast.se\/orientering\/wp-json\/wp\/v2\/users\/3"}],"version-history":[{"count":1,"href":"https:\/\/www.ifmarinvast.se\/orientering\/wp-json\/wp\/v2\/tribe_events\/4303\/revisions"}],"predecessor-version":[{"id":4304,"href":"https:\/\/www.ifmarinvast.se\/orientering\/wp-json\/wp\/v2\/tribe_events\/4303\/revisions\/4304"}],"wp:attachment":[{"href":"https:\/\/www.ifmarinvast.se\/orientering\/wp-json\/wp\/v2\/media?parent=4303"}],"wp:term":[{"taxonomy":"post_tag","embeddable":true,"href":"https:\/\/www.ifmarinvast.se\/orientering\/wp-json\/wp\/v2\/tags?post=4303"},{"taxonomy":"tribe_events_cat","embeddable":true,"href":"https:\/\/www.ifmarinvast.se\/orientering\/wp-json\/wp\/v2\/tribe_events_cat?post=4303"}],"curies":[{"name":"wp","href":"https:\/\/api.w.org\/{rel}","templated":true}]}}

Påskdagen: Bohuslunken, Uddevalla

<p>Långdistanstävling. Se <a href="https://eventor.orientering.se/Events/Show/15535">https://eventor.orientering.se/Events/Show/15535</a></p>

<p>Långdistanstävling. Se https://eventor.orientering.se/Events/Show/15535</p>
