{"id":4293,"date":"2017-01-15T16:57:46","date_gmt":"2017-01-15T15:57:46","guid":{"rendered":"http:\/\/www.ifmarinvast.se\/orientering\/?post_type=tribe_events&#038;p=4293"},"modified":"2017-01-15T16:57:46","modified_gmt":"2017-01-15T15:57:46","slug":"vastkuststafetten-bergsjon","status":"publish","type":"tribe_events","link":"https:\/\/www.ifmarinvast.se\/orientering\/kalender\/vastkuststafetten-bergsjon\/","title":{"rendered":"V\u00e4stkuststafetten, Bergsj\u00f6n"},"content":{"rendered":"<p>Stafett och \u00f6ppna banor medeldistans. Se\u00a0<a href=\"http:\/\/eventor.orientering.se\/Events\/Show\/14813\">http:\/\/eventor.orientering.se\/Events\/Show\/14813<\/a><\/p>\n<p>B\u00e4sta 10-milaf\u00f6rberedelsen! Rej\u00e4lt gafflad stafett, 3 str\u00e4ckor med medeldistansl\u00e4ngd p\u00e5 nyritad karta som gr\u00e4nsar till 10-milaomr\u00e5det. Det erbjuds tv\u00e5 k\u00f6nsneutrala ungdomsklasser Ungdomar upp till 16 \u00e5r och ungdomar upp till 12 \u00e5r.<\/p>\n","protected":false},"excerpt":{"rendered":"<p>Stafett och \u00f6ppna banor medeldistans. Se\u00a0http:\/\/eventor.orientering.se\/Events\/Show\/14813 B\u00e4sta 10-milaf\u00f6rberedelsen! Rej\u00e4lt gafflad stafett, 3 str\u00e4ckor med medeldistansl\u00e4ngd p\u00e5 nyritad karta som gr\u00e4nsar till 10-milaomr\u00e5det. Det erbjuds tv\u00e5 k\u00f6nsneutrala ungdomsklasser Ungdomar upp till [&hellip;]<\/p>\n","protected":false},"author":3,"featured_media":0,"template":"","meta":{"_tribe_events_status":"","_tribe_events_status_reason":"","footnotes":""},"tags":[],"tribe_events_cat":[255,276],"class_list":["post-4293","tribe_events","type-tribe_events","status-publish","hentry","tribe_events_cat-tavling","tribe_events_cat-ungdom","cat_tavling","cat_ungdom"],"_links":{"self":[{"href":"https:\/\/www.ifmarinvast.se\/orientering\/wp-json\/wp\/v2\/tribe_events\/4293","targetHints":{"allow":["GET"]}}],"collection":[{"href":"https:\/\/www.ifmarinvast.se\/orientering\/wp-json\/wp\/v2\/tribe_events"}],"about":[{"href":"https:\/\/www.ifmarinvast.se\/orientering\/wp-json\/wp\/v2\/types\/tribe_events"}],"author":[{"embeddable":true,"href":"https:\/\/www.ifmarinvast.se\/orientering\/wp-json\/wp\/v2\/users\/3"}],"version-history":[{"count":1,"href":"https:\/\/www.ifmarinvast.se\/orientering\/wp-json\/wp\/v2\/tribe_events\/4293\/revisions"}],"predecessor-version":[{"id":4294,"href":"https:\/\/www.ifmarinvast.se\/orientering\/wp-json\/wp\/v2\/tribe_events\/4293\/revisions\/4294"}],"wp:attachment":[{"href":"https:\/\/www.ifmarinvast.se\/orientering\/wp-json\/wp\/v2\/media?parent=4293"}],"wp:term":[{"taxonomy":"post_tag","embeddable":true,"href":"https:\/\/www.ifmarinvast.se\/orientering\/wp-json\/wp\/v2\/tags?post=4293"},{"taxonomy":"tribe_events_cat","embeddable":true,"href":"https:\/\/www.ifmarinvast.se\/orientering\/wp-json\/wp\/v2\/tribe_events_cat?post=4293"}],"curies":[{"name":"wp","href":"https:\/\/api.w.org\/{rel}","templated":true}]}}

Västkuststafetten, Bergsjön

<p>Stafett och öppna banor medeldistans. Se <a href="http://eventor.orientering.se/Events/Show/14813">http://eventor.orientering.se/Events/Show/14813</a></p>
<p>Bästa 10-milaförberedelsen! Rejält gafflad stafett, 3 sträckor med medeldistanslängd på nyritad karta som gränsar till 10-milaområdet. Det erbjuds två könsneutrala ungdomsklasser Ungdomar upp till 16 år och ungdomar upp till 12 år.</p>

<p>Stafett och öppna banor medeldistans. Se http://eventor.orientering.se/Events/Show/14813 Bästa 10-milaförberedelsen! Rejält gafflad stafett, 3 sträckor med medeldistanslängd på nyritad karta som gränsar till 10-milaområdet. Det erbjuds två könsneutrala ungdomsklasser Ungdomar upp till [&hellip;]</p>
