{"id":4287,"date":"2017-01-15T16:45:44","date_gmt":"2017-01-15T15:45:44","guid":{"rendered":"http:\/\/www.ifmarinvast.se\/orientering\/?post_type=tribe_events&#038;p=4287"},"modified":"2017-01-15T16:45:44","modified_gmt":"2017-01-15T15:45:44","slug":"rigoruven-dubbeln-hallesaker-2","status":"publish","type":"tribe_events","link":"https:\/\/www.ifmarinvast.se\/orientering\/kalender\/rigoruven-dubbeln-hallesaker-2\/","title":{"rendered":"Rigor\/Uven-dubbeln, H\u00e4lles\u00e5ker"},"content":{"rendered":"<p>L\u00e5ngdistanst\u00e4vling. Se\u00a0<a href=\"http:\/\/eventor.orientering.se\/Events\/Show\/14634\">http:\/\/eventor.orientering.se\/Events\/Show\/14634<\/a><\/p>\n","protected":false},"excerpt":{"rendered":"<p>L\u00e5ngdistanst\u00e4vling. Se\u00a0http:\/\/eventor.orientering.se\/Events\/Show\/14634<\/p>\n","protected":false},"author":3,"featured_media":0,"template":"","meta":{"_tribe_events_status":"","_tribe_events_status_reason":"","footnotes":""},"tags":[],"tribe_events_cat":[255,276],"class_list":["post-4287","tribe_events","type-tribe_events","status-publish","hentry","tribe_events_cat-tavling","tribe_events_cat-ungdom","cat_tavling","cat_ungdom"],"_links":{"self":[{"href":"https:\/\/www.ifmarinvast.se\/orientering\/wp-json\/wp\/v2\/tribe_events\/4287","targetHints":{"allow":["GET"]}}],"collection":[{"href":"https:\/\/www.ifmarinvast.se\/orientering\/wp-json\/wp\/v2\/tribe_events"}],"about":[{"href":"https:\/\/www.ifmarinvast.se\/orientering\/wp-json\/wp\/v2\/types\/tribe_events"}],"author":[{"embeddable":true,"href":"https:\/\/www.ifmarinvast.se\/orientering\/wp-json\/wp\/v2\/users\/3"}],"version-history":[{"count":1,"href":"https:\/\/www.ifmarinvast.se\/orientering\/wp-json\/wp\/v2\/tribe_events\/4287\/revisions"}],"predecessor-version":[{"id":4288,"href":"https:\/\/www.ifmarinvast.se\/orientering\/wp-json\/wp\/v2\/tribe_events\/4287\/revisions\/4288"}],"wp:attachment":[{"href":"https:\/\/www.ifmarinvast.se\/orientering\/wp-json\/wp\/v2\/media?parent=4287"}],"wp:term":[{"taxonomy":"post_tag","embeddable":true,"href":"https:\/\/www.ifmarinvast.se\/orientering\/wp-json\/wp\/v2\/tags?post=4287"},{"taxonomy":"tribe_events_cat","embeddable":true,"href":"https:\/\/www.ifmarinvast.se\/orientering\/wp-json\/wp\/v2\/tribe_events_cat?post=4287"}],"curies":[{"name":"wp","href":"https:\/\/api.w.org\/{rel}","templated":true}]}}

Rigor/Uven-dubbeln, Hällesåker

<p>Långdistanstävling. Se <a href="http://eventor.orientering.se/Events/Show/14634">http://eventor.orientering.se/Events/Show/14634</a></p>

<p>Långdistanstävling. Se http://eventor.orientering.se/Events/Show/14634</p>
