{"id":4043,"date":"2016-09-01T09:27:27","date_gmt":"2016-09-01T07:27:27","guid":{"rendered":"http:\/\/www.ifmarinvast.se\/orientering\/?post_type=tribe_events&#038;p=4043"},"modified":"2016-09-01T09:27:27","modified_gmt":"2016-09-01T07:27:27","slug":"dm-lang-goteborg-2","status":"publish","type":"tribe_events","link":"https:\/\/www.ifmarinvast.se\/orientering\/kalender\/dm-lang-goteborg-2\/","title":{"rendered":"DM, l\u00e5ng, G\u00f6teborg"},"content":{"rendered":"<p><strong>L\u00e4s mer och anm\u00e4l dig i <a href=\"https:\/\/eventor.orientering.se\/Events\/Show\/11676\">Eventor \u00bb<\/a><\/strong><\/p>\n","protected":false},"excerpt":{"rendered":"<p>L\u00e4s mer och anm\u00e4l dig i Eventor \u00bb<\/p>\n","protected":false},"author":1,"featured_media":0,"template":"","meta":{"_tribe_events_status":"","_tribe_events_status_reason":"","footnotes":""},"tags":[],"tribe_events_cat":[255,276],"class_list":["post-4043","tribe_events","type-tribe_events","status-publish","hentry","tribe_events_cat-tavling","tribe_events_cat-ungdom","cat_tavling","cat_ungdom"],"_links":{"self":[{"href":"https:\/\/www.ifmarinvast.se\/orientering\/wp-json\/wp\/v2\/tribe_events\/4043","targetHints":{"allow":["GET"]}}],"collection":[{"href":"https:\/\/www.ifmarinvast.se\/orientering\/wp-json\/wp\/v2\/tribe_events"}],"about":[{"href":"https:\/\/www.ifmarinvast.se\/orientering\/wp-json\/wp\/v2\/types\/tribe_events"}],"author":[{"embeddable":true,"href":"https:\/\/www.ifmarinvast.se\/orientering\/wp-json\/wp\/v2\/users\/1"}],"version-history":[{"count":1,"href":"https:\/\/www.ifmarinvast.se\/orientering\/wp-json\/wp\/v2\/tribe_events\/4043\/revisions"}],"predecessor-version":[{"id":4044,"href":"https:\/\/www.ifmarinvast.se\/orientering\/wp-json\/wp\/v2\/tribe_events\/4043\/revisions\/4044"}],"wp:attachment":[{"href":"https:\/\/www.ifmarinvast.se\/orientering\/wp-json\/wp\/v2\/media?parent=4043"}],"wp:term":[{"taxonomy":"post_tag","embeddable":true,"href":"https:\/\/www.ifmarinvast.se\/orientering\/wp-json\/wp\/v2\/tags?post=4043"},{"taxonomy":"tribe_events_cat","embeddable":true,"href":"https:\/\/www.ifmarinvast.se\/orientering\/wp-json\/wp\/v2\/tribe_events_cat?post=4043"}],"curies":[{"name":"wp","href":"https:\/\/api.w.org\/{rel}","templated":true}]}}

DM, lång, Göteborg

<p><strong>Läs mer och anmäl dig i <a href="https://eventor.orientering.se/Events/Show/11676">Eventor »</a></strong></p>

<p>Läs mer och anmäl dig i Eventor »</p>
