{"id":4038,"date":"2016-09-01T09:22:24","date_gmt":"2016-09-01T07:22:24","guid":{"rendered":"http:\/\/www.ifmarinvast.se\/orientering\/?post_type=tribe_events&#038;p=4038"},"modified":"2016-09-01T09:24:22","modified_gmt":"2016-09-01T07:24:22","slug":"dm-medel-goteborg","status":"publish","type":"tribe_events","link":"https:\/\/www.ifmarinvast.se\/orientering\/kalender\/dm-medel-goteborg\/","title":{"rendered":"DM, medel, G\u00f6teborg"},"content":{"rendered":"<p><strong>L\u00e4s mer och anm\u00e4l dig i <a href=\"https:\/\/eventor.orientering.se\/Events\/Show\/12439\">Eventor \u00bb<\/a><\/strong><\/p>\n","protected":false},"excerpt":{"rendered":"<p>L\u00e4s mer och anm\u00e4l dig i Eventor \u00bb<\/p>\n","protected":false},"author":1,"featured_media":0,"template":"","meta":{"_tribe_events_status":"","_tribe_events_status_reason":"","footnotes":""},"tags":[],"tribe_events_cat":[255,276],"class_list":["post-4038","tribe_events","type-tribe_events","status-publish","hentry","tribe_events_cat-tavling","tribe_events_cat-ungdom","cat_tavling","cat_ungdom"],"_links":{"self":[{"href":"https:\/\/www.ifmarinvast.se\/orientering\/wp-json\/wp\/v2\/tribe_events\/4038","targetHints":{"allow":["GET"]}}],"collection":[{"href":"https:\/\/www.ifmarinvast.se\/orientering\/wp-json\/wp\/v2\/tribe_events"}],"about":[{"href":"https:\/\/www.ifmarinvast.se\/orientering\/wp-json\/wp\/v2\/types\/tribe_events"}],"author":[{"embeddable":true,"href":"https:\/\/www.ifmarinvast.se\/orientering\/wp-json\/wp\/v2\/users\/1"}],"version-history":[{"count":2,"href":"https:\/\/www.ifmarinvast.se\/orientering\/wp-json\/wp\/v2\/tribe_events\/4038\/revisions"}],"predecessor-version":[{"id":4040,"href":"https:\/\/www.ifmarinvast.se\/orientering\/wp-json\/wp\/v2\/tribe_events\/4038\/revisions\/4040"}],"wp:attachment":[{"href":"https:\/\/www.ifmarinvast.se\/orientering\/wp-json\/wp\/v2\/media?parent=4038"}],"wp:term":[{"taxonomy":"post_tag","embeddable":true,"href":"https:\/\/www.ifmarinvast.se\/orientering\/wp-json\/wp\/v2\/tags?post=4038"},{"taxonomy":"tribe_events_cat","embeddable":true,"href":"https:\/\/www.ifmarinvast.se\/orientering\/wp-json\/wp\/v2\/tribe_events_cat?post=4038"}],"curies":[{"name":"wp","href":"https:\/\/api.w.org\/{rel}","templated":true}]}}

DM, medel, Göteborg

<p><strong>Läs mer och anmäl dig i <a href="https://eventor.orientering.se/Events/Show/12439">Eventor »</a></strong></p>

<p>Läs mer och anmäl dig i Eventor »</p>
