{"id":3962,"date":"2016-08-20T22:51:49","date_gmt":"2016-08-20T20:51:49","guid":{"rendered":"http:\/\/www.ifmarinvast.se\/orientering\/?post_type=tribe_events&#038;p=3962"},"modified":"2016-09-08T23:14:59","modified_gmt":"2016-09-08T21:14:59","slug":"torsdagstraning-3","status":"publish","type":"tribe_events","link":"https:\/\/www.ifmarinvast.se\/orientering\/kalender\/torsdagstraning-3\/","title":{"rendered":"Torsdagstr\u00e4ning"},"content":{"rendered":"<p>IF Marin V\u00e4sts egen orienterings-\/konditionstr\u00e4ning p\u00e5 hemmaplan. Vi springer i P\u00e5velund eller Ruddalen i h\u00f6st, kolla exakt samlingsplats p\u00e5 hemsidan! Tr\u00e4ningen b\u00f6rjar kl 18 och slutar ca 1930 beroende p\u00e5 vad vi g\u00f6r och hur l\u00e4nge man \u00e4r ute.<\/p>\n<p>Den h\u00e4r g\u00e5ngen \u00e4r det Lena och Ola\u00a0som \u00e4r\u00a0ansvariga, och samlingsplatsen \u00e4r vid\u00a0P\u00e5velunds MC.<\/p>\n","protected":false},"excerpt":{"rendered":"<p>IF Marin V\u00e4sts egen orienterings-\/konditionstr\u00e4ning p\u00e5 hemmaplan. Vi springer i P\u00e5velund eller Ruddalen i h\u00f6st, kolla exakt samlingsplats p\u00e5 hemsidan! Tr\u00e4ningen b\u00f6rjar kl 18 och slutar ca 1930 beroende p\u00e5 [&hellip;]<\/p>\n","protected":false},"author":3,"featured_media":0,"template":"","meta":{"_tribe_events_status":"","_tribe_events_status_reason":"","footnotes":""},"tags":[],"tribe_events_cat":[347,276],"class_list":["post-3962","tribe_events","type-tribe_events","status-publish","hentry","tribe_events_cat-traning-2","tribe_events_cat-ungdom","cat_traning-2","cat_ungdom"],"_links":{"self":[{"href":"https:\/\/www.ifmarinvast.se\/orientering\/wp-json\/wp\/v2\/tribe_events\/3962","targetHints":{"allow":["GET"]}}],"collection":[{"href":"https:\/\/www.ifmarinvast.se\/orientering\/wp-json\/wp\/v2\/tribe_events"}],"about":[{"href":"https:\/\/www.ifmarinvast.se\/orientering\/wp-json\/wp\/v2\/types\/tribe_events"}],"author":[{"embeddable":true,"href":"https:\/\/www.ifmarinvast.se\/orientering\/wp-json\/wp\/v2\/users\/3"}],"version-history":[{"count":1,"href":"https:\/\/www.ifmarinvast.se\/orientering\/wp-json\/wp\/v2\/tribe_events\/3962\/revisions"}],"predecessor-version":[{"id":4083,"href":"https:\/\/www.ifmarinvast.se\/orientering\/wp-json\/wp\/v2\/tribe_events\/3962\/revisions\/4083"}],"wp:attachment":[{"href":"https:\/\/www.ifmarinvast.se\/orientering\/wp-json\/wp\/v2\/media?parent=3962"}],"wp:term":[{"taxonomy":"post_tag","embeddable":true,"href":"https:\/\/www.ifmarinvast.se\/orientering\/wp-json\/wp\/v2\/tags?post=3962"},{"taxonomy":"tribe_events_cat","embeddable":true,"href":"https:\/\/www.ifmarinvast.se\/orientering\/wp-json\/wp\/v2\/tribe_events_cat?post=3962"}],"curies":[{"name":"wp","href":"https:\/\/api.w.org\/{rel}","templated":true}]}}

Torsdagsträning

<p>IF Marin Västs egen orienterings-/konditionsträning på hemmaplan. Vi springer i Påvelund eller Ruddalen i höst, kolla exakt samlingsplats på hemsidan! Träningen börjar kl 18 och slutar ca 1930 beroende på vad vi gör och hur länge man är ute.</p>
<p>Den här gången är det Lena och Ola som är ansvariga, och samlingsplatsen är vid Påvelunds MC.</p>

<p>IF Marin Västs egen orienterings-/konditionsträning på hemmaplan. Vi springer i Påvelund eller Ruddalen i höst, kolla exakt samlingsplats på hemsidan! Träningen börjar kl 18 och slutar ca 1930 beroende på [&hellip;]</p>
