{"id":3961,"date":"2016-08-20T22:50:14","date_gmt":"2016-08-20T20:50:14","guid":{"rendered":"http:\/\/www.ifmarinvast.se\/orientering\/?post_type=tribe_events&#038;p=3961"},"modified":"2016-09-06T21:07:15","modified_gmt":"2016-09-06T19:07:15","slug":"torsdagstraning-2","status":"publish","type":"tribe_events","link":"https:\/\/www.ifmarinvast.se\/orientering\/kalender\/torsdagstraning-2\/","title":{"rendered":"Torsdagstr\u00e4ning"},"content":{"rendered":"<p>IF Marin V\u00e4sts egen orienterings-\/konditionstr\u00e4ning p\u00e5 hemmaplan.<\/p>\n<p>Fri start mellan kl 17:30 och 18:30.<\/p>\n<p>Den h\u00e4r g\u00e5ngen \u00e4r det Staffan\u00a0som \u00e4r\u00a0ansvarig, och samlingsplatsen \u00e4r vid Ruddalens\u00a0MC.<\/p>\n","protected":false},"excerpt":{"rendered":"<p>IF Marin V\u00e4sts egen orienterings-\/konditionstr\u00e4ning p\u00e5 hemmaplan. Fri start mellan kl 17:30 och 18:30. Den h\u00e4r g\u00e5ngen \u00e4r det Staffan\u00a0som \u00e4r\u00a0ansvarig, och samlingsplatsen \u00e4r vid Ruddalens\u00a0MC.<\/p>\n","protected":false},"author":3,"featured_media":0,"template":"","meta":{"_tribe_events_status":"","_tribe_events_status_reason":"","footnotes":""},"tags":[],"tribe_events_cat":[347,276],"class_list":["post-3961","tribe_events","type-tribe_events","status-publish","hentry","tribe_events_cat-traning-2","tribe_events_cat-ungdom","cat_traning-2","cat_ungdom"],"_links":{"self":[{"href":"https:\/\/www.ifmarinvast.se\/orientering\/wp-json\/wp\/v2\/tribe_events\/3961","targetHints":{"allow":["GET"]}}],"collection":[{"href":"https:\/\/www.ifmarinvast.se\/orientering\/wp-json\/wp\/v2\/tribe_events"}],"about":[{"href":"https:\/\/www.ifmarinvast.se\/orientering\/wp-json\/wp\/v2\/types\/tribe_events"}],"author":[{"embeddable":true,"href":"https:\/\/www.ifmarinvast.se\/orientering\/wp-json\/wp\/v2\/users\/3"}],"version-history":[{"count":3,"href":"https:\/\/www.ifmarinvast.se\/orientering\/wp-json\/wp\/v2\/tribe_events\/3961\/revisions"}],"predecessor-version":[{"id":4080,"href":"https:\/\/www.ifmarinvast.se\/orientering\/wp-json\/wp\/v2\/tribe_events\/3961\/revisions\/4080"}],"wp:attachment":[{"href":"https:\/\/www.ifmarinvast.se\/orientering\/wp-json\/wp\/v2\/media?parent=3961"}],"wp:term":[{"taxonomy":"post_tag","embeddable":true,"href":"https:\/\/www.ifmarinvast.se\/orientering\/wp-json\/wp\/v2\/tags?post=3961"},{"taxonomy":"tribe_events_cat","embeddable":true,"href":"https:\/\/www.ifmarinvast.se\/orientering\/wp-json\/wp\/v2\/tribe_events_cat?post=3961"}],"curies":[{"name":"wp","href":"https:\/\/api.w.org\/{rel}","templated":true}]}}

Torsdagsträning

<p>IF Marin Västs egen orienterings-/konditionsträning på hemmaplan.</p>
<p>Fri start mellan kl 17:30 och 18:30.</p>
<p>Den här gången är det Staffan som är ansvarig, och samlingsplatsen är vid Ruddalens MC.</p>

<p>IF Marin Västs egen orienterings-/konditionsträning på hemmaplan. Fri start mellan kl 17:30 och 18:30. Den här gången är det Staffan som är ansvarig, och samlingsplatsen är vid Ruddalens MC.</p>
