{"id":3929,"date":"2016-06-27T22:08:17","date_gmt":"2016-06-27T20:08:17","guid":{"rendered":"http:\/\/www.ifmarinvast.se\/orientering\/?post_type=tribe_events&#038;p=3929"},"modified":"2016-06-27T22:09:08","modified_gmt":"2016-06-27T20:09:08","slug":"gof-sommarserie-2","status":"publish","type":"tribe_events","link":"https:\/\/www.ifmarinvast.se\/orientering\/kalender\/gof-sommarserie-2\/","title":{"rendered":"GOFs Sommarserie 2"},"content":{"rendered":"<p><strong>H\u00e5ll ig\u00e5ng orienteringen under sommaren. Var med p\u00e5 GOFs Sommarserie!\u00a0<\/strong><\/p>\n<p>Sommarserien \u00e4r en serie tr\u00e4ningst\u00e4vligar p\u00e5 l\u00e4ttillg\u00e4ngliga platser i n\u00e4rheten av G\u00f6teborg, som arrangeras i samarbete mellan G\u00f6teborgs OF och klubbarna i distriktet.<\/p>\n<ul>\n<li>Fokus p\u00e5 att arrangemangen ska vara att de \u00e4r l\u00e4tta att n\u00e5 med allm\u00e4nna kommunikationsmedel.<\/li>\n<li>Minst tre banor med olika sv\u00e5righet ska erbjudas vid varje delt\u00e4vling, svart, r\u00f6d och gul\/orange. Om arrang\u00f6ren vill kan\u00a0det\u00a0finnas fler banor.<\/li>\n<li>Anm\u00e4lan g\u00f6rs p\u00e5 Eventor senast p\u00e5 m\u00e5ndag kv\u00e4ll f\u00f6re respekive arrangemang. T\u00e4nk p\u00e5 att inkludera n\u00e4rt\u00e4vlingar. M\u00f6jlighet finns \u00e4ven att anm\u00e4la sig p\u00e5 plats i m\u00e5n av tillg\u00e5ng p\u00e5 kartor.<\/li>\n<\/ul>\n<p>&nbsp;<\/p>\n","protected":false},"excerpt":{"rendered":"<p>H\u00e5ll ig\u00e5ng orienteringen under sommaren. Var med p\u00e5 GOFs Sommarserie!\u00a0 Sommarserien \u00e4r en serie tr\u00e4ningst\u00e4vligar p\u00e5 l\u00e4ttillg\u00e4ngliga platser i n\u00e4rheten av G\u00f6teborg, som arrangeras i samarbete mellan G\u00f6teborgs OF och [&hellip;]<\/p>\n","protected":false},"author":1,"featured_media":0,"template":"","meta":{"_tribe_events_status":"","_tribe_events_status_reason":"","footnotes":""},"tags":[],"tribe_events_cat":[276],"class_list":["post-3929","tribe_events","type-tribe_events","status-publish","hentry","tribe_events_cat-ungdom","cat_ungdom"],"_links":{"self":[{"href":"https:\/\/www.ifmarinvast.se\/orientering\/wp-json\/wp\/v2\/tribe_events\/3929","targetHints":{"allow":["GET"]}}],"collection":[{"href":"https:\/\/www.ifmarinvast.se\/orientering\/wp-json\/wp\/v2\/tribe_events"}],"about":[{"href":"https:\/\/www.ifmarinvast.se\/orientering\/wp-json\/wp\/v2\/types\/tribe_events"}],"author":[{"embeddable":true,"href":"https:\/\/www.ifmarinvast.se\/orientering\/wp-json\/wp\/v2\/users\/1"}],"version-history":[{"count":0,"href":"https:\/\/www.ifmarinvast.se\/orientering\/wp-json\/wp\/v2\/tribe_events\/3929\/revisions"}],"wp:attachment":[{"href":"https:\/\/www.ifmarinvast.se\/orientering\/wp-json\/wp\/v2\/media?parent=3929"}],"wp:term":[{"taxonomy":"post_tag","embeddable":true,"href":"https:\/\/www.ifmarinvast.se\/orientering\/wp-json\/wp\/v2\/tags?post=3929"},{"taxonomy":"tribe_events_cat","embeddable":true,"href":"https:\/\/www.ifmarinvast.se\/orientering\/wp-json\/wp\/v2\/tribe_events_cat?post=3929"}],"curies":[{"name":"wp","href":"https:\/\/api.w.org\/{rel}","templated":true}]}}

<p><strong>Håll igång orienteringen under sommaren. Var med på GOFs Sommarserie! </strong></p>
<p>Sommarserien är en serie träningstävligar på lättillgängliga platser i närheten av Göteborg, som arrangeras i samarbete mellan Göteborgs OF och klubbarna i distriktet.</p>
<ul>
<li>Fokus på att arrangemangen ska vara att de är lätta att nå med allmänna kommunikationsmedel.</li>
<li>Minst tre banor med olika svårighet ska erbjudas vid varje deltävling, svart, röd och gul/orange. Om arrangören vill kan det finnas fler banor.</li>
<li>Anmälan görs på Eventor senast på måndag kväll före respekive arrangemang. Tänk på att inkludera närtävlingar. Möjlighet finns även att anmäla sig på plats i mån av tillgång på kartor.</li>
</ul>
<p>&nbsp;</p>

<p>Håll igång orienteringen under sommaren. Var med på GOFs Sommarserie!  Sommarserien är en serie träningstävligar på lättillgängliga platser i närheten av Göteborg, som arrangeras i samarbete mellan Göteborgs OF och [&hellip;]</p>
