{"id":3727,"date":"2016-03-23T20:39:38","date_gmt":"2016-03-23T19:39:38","guid":{"rendered":"http:\/\/www.ifmarinvast.se\/orientering\/?post_type=tribe_events&#038;p=3727"},"modified":"2016-08-20T23:36:31","modified_gmt":"2016-08-20T21:36:31","slug":"torsdagstraning-med-frolunda-2","status":"publish","type":"tribe_events","link":"https:\/\/www.ifmarinvast.se\/orientering\/kalender\/torsdagstraning-med-frolunda-2\/","title":{"rendered":"Tr\u00e4ning med Fr\u00f6lunda"},"content":{"rendered":"<div class=\"page\" title=\"Page 1\">\n<div class=\"layoutArea\">\n<div class=\"column\">\n<p>Fr\u00f6lunda OL, IK Uven, M\u00f6lndal Outdoor och FK Herkules arrangerar gemensamma torsdagstr\u00e4ningar \u00f6ppna \u00e4ven f\u00f6r l\u00f6pare fr\u00e5n andra klubbar.<\/p>\n<\/div>\n<p>Det finns banor p\u00e5 olika niv\u00e5 fr\u00e5n 12 \u00e5r och upp\u00e5t.<\/p>\n<\/div>\n<\/div>\n","protected":false},"excerpt":{"rendered":"<p>Fr\u00f6lunda OL, IK Uven, M\u00f6lndal Outdoor och FK Herkules arrangerar gemensamma torsdagstr\u00e4ningar \u00f6ppna \u00e4ven f\u00f6r l\u00f6pare fr\u00e5n andra klubbar. Det finns banor p\u00e5 olika niv\u00e5 fr\u00e5n 12 \u00e5r och upp\u00e5t.<\/p>\n","protected":false},"author":1,"featured_media":0,"template":"","meta":{"_tribe_events_status":"","_tribe_events_status_reason":"","footnotes":""},"tags":[],"tribe_events_cat":[347,276],"class_list":["post-3727","tribe_events","type-tribe_events","status-publish","hentry","tribe_events_cat-traning-2","tribe_events_cat-ungdom","cat_traning-2","cat_ungdom"],"_links":{"self":[{"href":"https:\/\/www.ifmarinvast.se\/orientering\/wp-json\/wp\/v2\/tribe_events\/3727","targetHints":{"allow":["GET"]}}],"collection":[{"href":"https:\/\/www.ifmarinvast.se\/orientering\/wp-json\/wp\/v2\/tribe_events"}],"about":[{"href":"https:\/\/www.ifmarinvast.se\/orientering\/wp-json\/wp\/v2\/types\/tribe_events"}],"author":[{"embeddable":true,"href":"https:\/\/www.ifmarinvast.se\/orientering\/wp-json\/wp\/v2\/users\/1"}],"version-history":[{"count":0,"href":"https:\/\/www.ifmarinvast.se\/orientering\/wp-json\/wp\/v2\/tribe_events\/3727\/revisions"}],"wp:attachment":[{"href":"https:\/\/www.ifmarinvast.se\/orientering\/wp-json\/wp\/v2\/media?parent=3727"}],"wp:term":[{"taxonomy":"post_tag","embeddable":true,"href":"https:\/\/www.ifmarinvast.se\/orientering\/wp-json\/wp\/v2\/tags?post=3727"},{"taxonomy":"tribe_events_cat","embeddable":true,"href":"https:\/\/www.ifmarinvast.se\/orientering\/wp-json\/wp\/v2\/tribe_events_cat?post=3727"}],"curies":[{"name":"wp","href":"https:\/\/api.w.org\/{rel}","templated":true}]}}

Träning med Frölunda

<div class="page" title="Page 1">
<div class="layoutArea">
<div class="column">
<p>Frölunda OL, IK Uven, Mölndal Outdoor och FK Herkules arrangerar gemensamma torsdagsträningar öppna även för löpare från andra klubbar.</p>
</div>
<p>Det finns banor på olika nivå från 12 år och uppåt.</p>
</div>
</div>

<p>Frölunda OL, IK Uven, Mölndal Outdoor och FK Herkules arrangerar gemensamma torsdagsträningar öppna även för löpare från andra klubbar. Det finns banor på olika nivå från 12 år och uppåt.</p>
