{"id":3722,"date":"2016-03-23T20:32:57","date_gmt":"2016-03-23T19:32:57","guid":{"rendered":"http:\/\/www.ifmarinvast.se\/orientering\/?post_type=tribe_events&#038;p=3722"},"modified":"2016-03-30T21:42:32","modified_gmt":"2016-03-30T19:42:32","slug":"torsdagstraning-med-moif","status":"publish","type":"tribe_events","link":"https:\/\/www.ifmarinvast.se\/orientering\/kalender\/torsdagstraning-med-moif\/","title":{"rendered":"Torsdagstr\u00e4ning IFMV"},"content":{"rendered":"<p>Karin arrangerar tr\u00e4ning i P\u00e5velund &#8211; det blir R\u00e4ven-orientering f\u00f6r alla \u00e5ldrar!<\/p>\n<div class=\"page\" title=\"Page 1\"><\/div>\n","protected":false},"excerpt":{"rendered":"<p>Karin arrangerar tr\u00e4ning i P\u00e5velund &#8211; det blir R\u00e4ven-orientering f\u00f6r alla \u00e5ldrar!<\/p>\n","protected":false},"author":1,"featured_media":0,"template":"","meta":{"_tribe_events_status":"","_tribe_events_status_reason":"","footnotes":""},"tags":[],"tribe_events_cat":[276],"class_list":["post-3722","tribe_events","type-tribe_events","status-publish","hentry","tribe_events_cat-ungdom","cat_ungdom"],"_links":{"self":[{"href":"https:\/\/www.ifmarinvast.se\/orientering\/wp-json\/wp\/v2\/tribe_events\/3722","targetHints":{"allow":["GET"]}}],"collection":[{"href":"https:\/\/www.ifmarinvast.se\/orientering\/wp-json\/wp\/v2\/tribe_events"}],"about":[{"href":"https:\/\/www.ifmarinvast.se\/orientering\/wp-json\/wp\/v2\/types\/tribe_events"}],"author":[{"embeddable":true,"href":"https:\/\/www.ifmarinvast.se\/orientering\/wp-json\/wp\/v2\/users\/1"}],"version-history":[{"count":1,"href":"https:\/\/www.ifmarinvast.se\/orientering\/wp-json\/wp\/v2\/tribe_events\/3722\/revisions"}],"predecessor-version":[{"id":3755,"href":"https:\/\/www.ifmarinvast.se\/orientering\/wp-json\/wp\/v2\/tribe_events\/3722\/revisions\/3755"}],"wp:attachment":[{"href":"https:\/\/www.ifmarinvast.se\/orientering\/wp-json\/wp\/v2\/media?parent=3722"}],"wp:term":[{"taxonomy":"post_tag","embeddable":true,"href":"https:\/\/www.ifmarinvast.se\/orientering\/wp-json\/wp\/v2\/tags?post=3722"},{"taxonomy":"tribe_events_cat","embeddable":true,"href":"https:\/\/www.ifmarinvast.se\/orientering\/wp-json\/wp\/v2\/tribe_events_cat?post=3722"}],"curies":[{"name":"wp","href":"https:\/\/api.w.org\/{rel}","templated":true}]}}

Torsdagsträning IFMV

<p>Karin arrangerar träning i Påvelund &#8211; det blir Räven-orientering för alla åldrar!</p>
<div class="page" title="Page 1"></div>

<p>Karin arrangerar träning i Påvelund &#8211; det blir Räven-orientering för alla åldrar!</p>
