{"id":3640,"date":"2016-02-23T19:06:28","date_gmt":"2016-02-23T18:06:28","guid":{"rendered":"http:\/\/www.ifmarinvast.se\/orientering\/?post_type=tribe_events&#038;p=3640"},"modified":"2016-02-23T19:06:28","modified_gmt":"2016-02-23T18:06:28","slug":"gof-ungdomsupptakt-13-16-ar","status":"publish","type":"tribe_events","link":"https:\/\/www.ifmarinvast.se\/orientering\/kalender\/gof-ungdomsupptakt-13-16-ar\/","title":{"rendered":"GOF ungdomsupptakt 13-16 \u00e5r"},"content":{"rendered":"<p align=\"left\"><strong>F\u00f6r ungdomar av ungdomar<\/strong><\/p>\n<p align=\"left\">Alla orienterare mellan 13 och 16 \u00e5r \u00e4r v\u00e4lkomman p\u00e5 upptaktstr\u00e4ff som arrangeras av distriktets 16-\u00e5ringar.<\/p>\n<p align=\"left\">Vi b\u00f6rjar med ett tr\u00e4ningspass f\u00f6r att sedan l\u00e4ra k\u00e4nna varandra med roliga aktiviteter och n\u00e5got att \u00e4ta.<\/p>\n<p align=\"left\"><strong>N\u00e4r<br \/>\n<\/strong>S\u00f6ndagen den\u00a06\u00a0mars 2016 kl 13.00 till ca 19.00.<\/p>\n<p align=\"left\"><strong>Var<br \/>\n<\/strong>Landehofstugan, Landvetter<\/p>\n<p align=\"left\"><strong>Vad<br \/>\n<\/strong>F\u00f6rst tr\u00e4ning.\u00a0Sedan roliga aktiviteter och mat.<\/p>\n<p align=\"left\"><strong>Anm\u00e4lan<br \/>\n<\/strong>Anm\u00e4l senast torsdag\u00a03\u00a0mars i\u00a0 Eventor under klubbaktiviteter<\/p>\n<p align=\"left\">\u00c4ven\u00a016-\u00e5ringarna ska anm\u00e4las, s\u00e5 vi vet\u00a0hur m\u00e5nga som kommer.<\/p>\n<p align=\"left\"><strong>Kostnad<br \/>\n<\/strong>ca 100 kr. Betalas p\u00e5 plats, kontant eller\u00a0med Swish.<\/p>\n<p><strong>Kontaktperson:<br \/>\n<\/strong>Johan Grahn,\u00a0<a href=\"mailto:grahn.j@ymail.com\">grahnj@ymail.com<\/a>\u00a0<strong><br \/>\n<\/strong><\/p>\n<p><strong>V\u00e4lkommna!<\/strong><\/p>\n<p>L\u00e4s mer och anm\u00e4la\u00a0dig\u00a0i <a href=\"http:\/\/eventor.orientering.se\/Activities\/Show\/4518\" target=\"_blank\">Eventor \u00bb<\/a><\/p>\n","protected":false},"excerpt":{"rendered":"<p>F\u00f6r ungdomar av ungdomar Alla orienterare mellan 13 och 16 \u00e5r \u00e4r v\u00e4lkomman p\u00e5 upptaktstr\u00e4ff som arrangeras av distriktets 16-\u00e5ringar. Vi b\u00f6rjar med ett tr\u00e4ningspass f\u00f6r att sedan l\u00e4ra k\u00e4nna [&hellip;]<\/p>\n","protected":false},"author":1,"featured_media":0,"template":"","meta":{"_tribe_events_status":"","_tribe_events_status_reason":"","footnotes":""},"tags":[],"tribe_events_cat":[276],"class_list":["post-3640","tribe_events","type-tribe_events","status-publish","hentry","tribe_events_cat-ungdom","cat_ungdom"],"_links":{"self":[{"href":"https:\/\/www.ifmarinvast.se\/orientering\/wp-json\/wp\/v2\/tribe_events\/3640","targetHints":{"allow":["GET"]}}],"collection":[{"href":"https:\/\/www.ifmarinvast.se\/orientering\/wp-json\/wp\/v2\/tribe_events"}],"about":[{"href":"https:\/\/www.ifmarinvast.se\/orientering\/wp-json\/wp\/v2\/types\/tribe_events"}],"author":[{"embeddable":true,"href":"https:\/\/www.ifmarinvast.se\/orientering\/wp-json\/wp\/v2\/users\/1"}],"version-history":[{"count":0,"href":"https:\/\/www.ifmarinvast.se\/orientering\/wp-json\/wp\/v2\/tribe_events\/3640\/revisions"}],"wp:attachment":[{"href":"https:\/\/www.ifmarinvast.se\/orientering\/wp-json\/wp\/v2\/media?parent=3640"}],"wp:term":[{"taxonomy":"post_tag","embeddable":true,"href":"https:\/\/www.ifmarinvast.se\/orientering\/wp-json\/wp\/v2\/tags?post=3640"},{"taxonomy":"tribe_events_cat","embeddable":true,"href":"https:\/\/www.ifmarinvast.se\/orientering\/wp-json\/wp\/v2\/tribe_events_cat?post=3640"}],"curies":[{"name":"wp","href":"https:\/\/api.w.org\/{rel}","templated":true}]}}

GOF ungdomsupptakt 13-16 år

<p align="left"><strong>För ungdomar av ungdomar</strong></p>
<p align="left">Alla orienterare mellan 13 och 16 år är välkomman på upptaktsträff som arrangeras av distriktets 16-åringar.</p>
<p align="left">Vi börjar med ett träningspass för att sedan lära känna varandra med roliga aktiviteter och något att äta.</p>
<p align="left"><strong>När<br />
</strong>Söndagen den 6 mars 2016 kl 13.00 till ca 19.00.</p>
<p align="left"><strong>Var<br />
</strong>Landehofstugan, Landvetter</p>
<p align="left"><strong>Vad<br />
</strong>Först träning. Sedan roliga aktiviteter och mat.</p>
<p align="left"><strong>Anmälan<br />
</strong>Anmäl senast torsdag 3 mars i  Eventor under klubbaktiviteter</p>
<p align="left">Även 16-åringarna ska anmälas, så vi vet hur många som kommer.</p>
<p align="left"><strong>Kostnad<br />
</strong>ca 100 kr. Betalas på plats, kontant eller med Swish.</p>
<p><strong>Kontaktperson:<br />
</strong>Johan Grahn, <a href="mailto:grahn.j@ymail.com">grahnj@ymail.com</a> <strong><br />
</strong></p>
<p><strong>Välkommna!</strong></p>
<p>Läs mer och anmäla dig i <a href="http://eventor.orientering.se/Activities/Show/4518" target="_blank">Eventor »</a></p>

<p>För ungdomar av ungdomar Alla orienterare mellan 13 och 16 år är välkomman på upptaktsträff som arrangeras av distriktets 16-åringar. Vi börjar med ett träningspass för att sedan lära känna [&hellip;]</p>
