{"id":3627,"date":"2016-02-02T22:35:14","date_gmt":"2016-02-02T21:35:14","guid":{"rendered":"http:\/\/www.ifmarinvast.se\/orientering\/?post_type=tribe_events&#038;p=3627"},"modified":"2016-02-02T22:36:25","modified_gmt":"2016-02-02T21:36:25","slug":"frolunda-ol-medel","status":"publish","type":"tribe_events","link":"https:\/\/www.ifmarinvast.se\/orientering\/kalender\/frolunda-ol-medel\/","title":{"rendered":"Fr\u00f6lunda OL, medel"},"content":{"rendered":"<div class=\"page\" title=\"Page 1\">\n<div class=\"layoutArea\">\n<div class=\"column\">\n<p><strong>FR\u00d6LUNDA OL<\/strong><br \/>\ninbjuder till<br \/>\n<strong>FOL on the hill<\/strong><\/p>\n<p>Medeldistanst\u00e4vling i distriktet. S\u00f6ndag 20 mars 2016<\/p>\n<p><em>V\u00e4lkommen till en tekniskt trevlig medeldistans i stadsn\u00e4ra omr\u00e5de.<\/em><\/p>\n<\/div>\n<\/div>\n<\/div>\n","protected":false},"excerpt":{"rendered":"<p>FR\u00d6LUNDA OL inbjuder till FOL on the hill Medeldistanst\u00e4vling i distriktet. S\u00f6ndag 20 mars 2016 V\u00e4lkommen till en tekniskt trevlig medeldistans i stadsn\u00e4ra omr\u00e5de.<\/p>\n","protected":false},"author":1,"featured_media":0,"template":"","meta":{"_tribe_events_status":"","_tribe_events_status_reason":"","footnotes":""},"tags":[],"tribe_events_cat":[255,276],"class_list":["post-3627","tribe_events","type-tribe_events","status-publish","hentry","tribe_events_cat-tavling","tribe_events_cat-ungdom","cat_tavling","cat_ungdom"],"_links":{"self":[{"href":"https:\/\/www.ifmarinvast.se\/orientering\/wp-json\/wp\/v2\/tribe_events\/3627","targetHints":{"allow":["GET"]}}],"collection":[{"href":"https:\/\/www.ifmarinvast.se\/orientering\/wp-json\/wp\/v2\/tribe_events"}],"about":[{"href":"https:\/\/www.ifmarinvast.se\/orientering\/wp-json\/wp\/v2\/types\/tribe_events"}],"author":[{"embeddable":true,"href":"https:\/\/www.ifmarinvast.se\/orientering\/wp-json\/wp\/v2\/users\/1"}],"version-history":[{"count":0,"href":"https:\/\/www.ifmarinvast.se\/orientering\/wp-json\/wp\/v2\/tribe_events\/3627\/revisions"}],"wp:attachment":[{"href":"https:\/\/www.ifmarinvast.se\/orientering\/wp-json\/wp\/v2\/media?parent=3627"}],"wp:term":[{"taxonomy":"post_tag","embeddable":true,"href":"https:\/\/www.ifmarinvast.se\/orientering\/wp-json\/wp\/v2\/tags?post=3627"},{"taxonomy":"tribe_events_cat","embeddable":true,"href":"https:\/\/www.ifmarinvast.se\/orientering\/wp-json\/wp\/v2\/tribe_events_cat?post=3627"}],"curies":[{"name":"wp","href":"https:\/\/api.w.org\/{rel}","templated":true}]}}

Frölunda OL, medel

<div class="page" title="Page 1">
<div class="layoutArea">
<div class="column">
<p><strong>FRÖLUNDA OL</strong><br />
inbjuder till<br />
<strong>FOL on the hill</strong></p>
<p>Medeldistanstävling i distriktet. Söndag 20 mars 2016</p>
<p><em>Välkommen till en tekniskt trevlig medeldistans i stadsnära område.</em></p>
</div>
</div>
</div>

<p>FRÖLUNDA OL inbjuder till FOL on the hill Medeldistanstävling i distriktet. Söndag 20 mars 2016 Välkommen till en tekniskt trevlig medeldistans i stadsnära område.</p>
