{"id":3493,"date":"2015-12-06T15:35:35","date_gmt":"2015-12-06T14:35:35","guid":{"rendered":"http:\/\/www.ifmarinvast.se\/orientering\/?post_type=tribe_events&#038;p=3493"},"modified":"2016-02-02T22:30:45","modified_gmt":"2016-02-02T21:30:45","slug":"vintercup-e6","status":"publish","type":"tribe_events","link":"https:\/\/www.ifmarinvast.se\/orientering\/kalender\/vintercup-e6\/","title":{"rendered":"Vintercup e6"},"content":{"rendered":"<p>Vintercuppen \u00e4r en n\u00e4rt\u00e4vling p\u00e5 s\u00f6ndagsf\u00f6rmiddagar under januari-mars, med 8 etapper. Kontrollera starttiden med aktuell arrang\u00f6r!<\/p>\n<p>Det finns olika banor att v\u00e4lja mellan. F\u00f6ranm\u00e4l dig g\u00e4rna i Eventor, men det g\u00e5r \u00e4ven bra att anm\u00e4la sig p\u00e5 plats. Startavgiften betalas kontant p\u00e5 plats (50 kr), men som medlem i IF Marin V\u00e4st f\u00e5r du tillbaka startavgiften i efterhand av v\u00e5r kass\u00f6r.<\/p>\n<p>Banor:<\/p>\n<ul>\n<li>Ungdomsbana (HD12-sv\u00e5righet, VIT-GUL \u2013 lite fr\u00e5n stigen) 2,5 km \u00d61<\/li>\n<li>Ungdomsbana (HD14-sv\u00e5righet (GUL-R\u00d6D)\u00a0 3-3.5 km \u00d62<\/li>\n<li>Kort bana (R\u00d6D-SVART\/BL\u00c5)\u00a0\u00a0 3-3,5 km \u00d67<\/li>\n<li>Mellanbana (R\u00d6D-SVART\/BL\u00c5)\u00a0\u00a0 4-5 km \u00d68<\/li>\n<li>L\u00e5ng bana (R\u00d6D-SVART\/BL\u00c5)\u00a0\u00a0 7 km \u00d69<\/li>\n<\/ul>\n<p>L\u00e4s mer och anm\u00e4lan i <a href=\"http:\/\/eventor.orientering.se\/Events\/Show\/14485\" target=\"_blank\">Eventor<\/a><\/p>\n","protected":false},"excerpt":{"rendered":"<p>Vintercuppen \u00e4r en n\u00e4rt\u00e4vling p\u00e5 s\u00f6ndagsf\u00f6rmiddagar under januari-mars, med 8 etapper. Kontrollera starttiden med aktuell arrang\u00f6r! Det finns olika banor att v\u00e4lja mellan. F\u00f6ranm\u00e4l dig g\u00e4rna i Eventor, men det [&hellip;]<\/p>\n","protected":false},"author":1,"featured_media":0,"template":"","meta":{"_tribe_events_status":"","_tribe_events_status_reason":"","footnotes":""},"tags":[],"tribe_events_cat":[347],"class_list":["post-3493","tribe_events","type-tribe_events","status-publish","hentry","tribe_events_cat-traning-2","cat_traning-2"],"_links":{"self":[{"href":"https:\/\/www.ifmarinvast.se\/orientering\/wp-json\/wp\/v2\/tribe_events\/3493","targetHints":{"allow":["GET"]}}],"collection":[{"href":"https:\/\/www.ifmarinvast.se\/orientering\/wp-json\/wp\/v2\/tribe_events"}],"about":[{"href":"https:\/\/www.ifmarinvast.se\/orientering\/wp-json\/wp\/v2\/types\/tribe_events"}],"author":[{"embeddable":true,"href":"https:\/\/www.ifmarinvast.se\/orientering\/wp-json\/wp\/v2\/users\/1"}],"version-history":[{"count":0,"href":"https:\/\/www.ifmarinvast.se\/orientering\/wp-json\/wp\/v2\/tribe_events\/3493\/revisions"}],"wp:attachment":[{"href":"https:\/\/www.ifmarinvast.se\/orientering\/wp-json\/wp\/v2\/media?parent=3493"}],"wp:term":[{"taxonomy":"post_tag","embeddable":true,"href":"https:\/\/www.ifmarinvast.se\/orientering\/wp-json\/wp\/v2\/tags?post=3493"},{"taxonomy":"tribe_events_cat","embeddable":true,"href":"https:\/\/www.ifmarinvast.se\/orientering\/wp-json\/wp\/v2\/tribe_events_cat?post=3493"}],"curies":[{"name":"wp","href":"https:\/\/api.w.org\/{rel}","templated":true}]}}

<p>Vintercuppen är en närtävling på söndagsförmiddagar under januari-mars, med 8 etapper. Kontrollera starttiden med aktuell arrangör!</p>
<p>Det finns olika banor att välja mellan. Föranmäl dig gärna i Eventor, men det går även bra att anmäla sig på plats. Startavgiften betalas kontant på plats (50 kr), men som medlem i IF Marin Väst får du tillbaka startavgiften i efterhand av vår kassör.</p>
<p>Banor:</p>
<ul>
<li>Ungdomsbana (HD12-svårighet, VIT-GUL – lite från stigen) 2,5 km Ö1</li>
<li>Ungdomsbana (HD14-svårighet (GUL-RÖD)  3-3.5 km Ö2</li>
<li>Kort bana (RÖD-SVART/BLÅ)   3-3,5 km Ö7</li>
<li>Mellanbana (RÖD-SVART/BLÅ)   4-5 km Ö8</li>
<li>Lång bana (RÖD-SVART/BLÅ)   7 km Ö9</li>
</ul>
<p>Läs mer och anmälan i <a href="http://eventor.orientering.se/Events/Show/14485" target="_blank">Eventor</a></p>

<p>Vintercuppen är en närtävling på söndagsförmiddagar under januari-mars, med 8 etapper. Kontrollera starttiden med aktuell arrangör! Det finns olika banor att välja mellan. Föranmäl dig gärna i Eventor, men det [&hellip;]</p>
