{"id":3450,"date":"2015-11-17T23:24:14","date_gmt":"2015-11-17T22:24:14","guid":{"rendered":"http:\/\/www.ifmarinvast.se\/orientering\/?post_type=tribe_events&#038;p=3450"},"modified":"2015-12-07T06:56:04","modified_gmt":"2015-12-07T05:56:04","slug":"goteborgsdubbeln-medel","status":"publish","type":"tribe_events","link":"https:\/\/www.ifmarinvast.se\/orientering\/kalender\/goteborgsdubbeln-medel\/","title":{"rendered":"G\u00f6teborgsdubbeln, medel"},"content":{"rendered":"<p>L\u00e4s mer och anm\u00e4l dig i Eventor:<br \/>\n<a href=\"http:\/\/eventor.orientering.se\/Events\/Show\/11553\" target=\"_blank\">http:\/\/eventor.orientering.se\/Events\/Show\/11553<\/a><\/p>\n","protected":false},"excerpt":{"rendered":"<p>L\u00e4s mer och anm\u00e4l dig i Eventor: http:\/\/eventor.orientering.se\/Events\/Show\/11553<\/p>\n","protected":false},"author":1,"featured_media":0,"template":"","meta":{"_tribe_events_status":"","_tribe_events_status_reason":"","footnotes":""},"tags":[],"tribe_events_cat":[255,276],"class_list":["post-3450","tribe_events","type-tribe_events","status-publish","hentry","tribe_events_cat-tavling","tribe_events_cat-ungdom","cat_tavling","cat_ungdom"],"_links":{"self":[{"href":"https:\/\/www.ifmarinvast.se\/orientering\/wp-json\/wp\/v2\/tribe_events\/3450","targetHints":{"allow":["GET"]}}],"collection":[{"href":"https:\/\/www.ifmarinvast.se\/orientering\/wp-json\/wp\/v2\/tribe_events"}],"about":[{"href":"https:\/\/www.ifmarinvast.se\/orientering\/wp-json\/wp\/v2\/types\/tribe_events"}],"author":[{"embeddable":true,"href":"https:\/\/www.ifmarinvast.se\/orientering\/wp-json\/wp\/v2\/users\/1"}],"version-history":[{"count":0,"href":"https:\/\/www.ifmarinvast.se\/orientering\/wp-json\/wp\/v2\/tribe_events\/3450\/revisions"}],"wp:attachment":[{"href":"https:\/\/www.ifmarinvast.se\/orientering\/wp-json\/wp\/v2\/media?parent=3450"}],"wp:term":[{"taxonomy":"post_tag","embeddable":true,"href":"https:\/\/www.ifmarinvast.se\/orientering\/wp-json\/wp\/v2\/tags?post=3450"},{"taxonomy":"tribe_events_cat","embeddable":true,"href":"https:\/\/www.ifmarinvast.se\/orientering\/wp-json\/wp\/v2\/tribe_events_cat?post=3450"}],"curies":[{"name":"wp","href":"https:\/\/api.w.org\/{rel}","templated":true}]}}

Göteborgsdubbeln, medel

<p>Läs mer och anmäl dig i Eventor:<br />
<a href="http://eventor.orientering.se/Events/Show/11553" target="_blank">http://eventor.orientering.se/Events/Show/11553</a></p>

<p>Läs mer och anmäl dig i Eventor: http://eventor.orientering.se/Events/Show/11553</p>
