{"id":3428,"date":"2015-11-15T08:59:40","date_gmt":"2015-11-15T07:59:40","guid":{"rendered":"http:\/\/www.ifmarinvast.se\/orientering\/?post_type=tribe_events&#038;p=3428"},"modified":"2015-12-07T06:56:04","modified_gmt":"2015-12-07T05:56:04","slug":"dm-natt-goteborg","status":"publish","type":"tribe_events","link":"https:\/\/www.ifmarinvast.se\/orientering\/kalender\/dm-natt-goteborg\/","title":{"rendered":"DM Natt, G\u00f6teborg"},"content":{"rendered":"<p>Vi arrangerar DM Natt i G\u00f6teborg!<\/p>\n<p>H\u00f6r av dig till <a href=\"mailto:orientering@ifmarinvast.se\">orientering@ifmarinvast.se<\/a> om du vill vara med som funktion\u00e4r.<\/p>\n<p>L\u00e4s mer om t\u00e4vlingen i Eventor:<br \/>\n<a href=\"http:\/\/eventor.orientering.se\/Events\/Show\/11848\" target=\"_blank\">http:\/\/eventor.orientering.se\/Events\/Show\/11848<\/a><\/p>\n","protected":false},"excerpt":{"rendered":"<p>Vi arrangerar DM Natt i G\u00f6teborg! H\u00f6r av dig till orientering@ifmarinvast.se om du vill vara med som funktion\u00e4r. L\u00e4s mer om t\u00e4vlingen i Eventor: http:\/\/eventor.orientering.se\/Events\/Show\/11848<\/p>\n","protected":false},"author":1,"featured_media":0,"template":"","meta":{"_tribe_events_status":"","_tribe_events_status_reason":"","footnotes":""},"tags":[],"tribe_events_cat":[255,276],"class_list":["post-3428","tribe_events","type-tribe_events","status-publish","hentry","tribe_events_cat-tavling","tribe_events_cat-ungdom","cat_tavling","cat_ungdom"],"_links":{"self":[{"href":"https:\/\/www.ifmarinvast.se\/orientering\/wp-json\/wp\/v2\/tribe_events\/3428","targetHints":{"allow":["GET"]}}],"collection":[{"href":"https:\/\/www.ifmarinvast.se\/orientering\/wp-json\/wp\/v2\/tribe_events"}],"about":[{"href":"https:\/\/www.ifmarinvast.se\/orientering\/wp-json\/wp\/v2\/types\/tribe_events"}],"author":[{"embeddable":true,"href":"https:\/\/www.ifmarinvast.se\/orientering\/wp-json\/wp\/v2\/users\/1"}],"version-history":[{"count":0,"href":"https:\/\/www.ifmarinvast.se\/orientering\/wp-json\/wp\/v2\/tribe_events\/3428\/revisions"}],"wp:attachment":[{"href":"https:\/\/www.ifmarinvast.se\/orientering\/wp-json\/wp\/v2\/media?parent=3428"}],"wp:term":[{"taxonomy":"post_tag","embeddable":true,"href":"https:\/\/www.ifmarinvast.se\/orientering\/wp-json\/wp\/v2\/tags?post=3428"},{"taxonomy":"tribe_events_cat","embeddable":true,"href":"https:\/\/www.ifmarinvast.se\/orientering\/wp-json\/wp\/v2\/tribe_events_cat?post=3428"}],"curies":[{"name":"wp","href":"https:\/\/api.w.org\/{rel}","templated":true}]}}

DM Natt, Göteborg

<p>Vi arrangerar DM Natt i Göteborg!</p>
<p>Hör av dig till <a href="mailto:orientering@ifmarinvast.se">orientering@ifmarinvast.se</a> om du vill vara med som funktionär.</p>
<p>Läs mer om tävlingen i Eventor:<br />
<a href="http://eventor.orientering.se/Events/Show/11848" target="_blank">http://eventor.orientering.se/Events/Show/11848</a></p>

<p>Vi arrangerar DM Natt i Göteborg! Hör av dig till orientering@ifmarinvast.se om du vill vara med som funktionär. Läs mer om tävlingen i Eventor: http://eventor.orientering.se/Events/Show/11848</p>
