{"id":3426,"date":"2015-11-15T08:55:02","date_gmt":"2015-11-15T07:55:02","guid":{"rendered":"http:\/\/www.ifmarinvast.se\/orientering\/?post_type=tribe_events&#038;p=3426"},"modified":"2015-12-07T07:08:56","modified_gmt":"2015-12-07T06:08:56","slug":"hallandspremiaren-lang","status":"publish","type":"tribe_events","link":"https:\/\/www.ifmarinvast.se\/orientering\/kalender\/hallandspremiaren-lang\/","title":{"rendered":"Hallandspremi\u00e4ren, l\u00e5ng"},"content":{"rendered":"<p>L\u00e4s mer och anm\u00e4l dig i Eventor:<br \/>\n<a href=\"http:\/\/eventor.orientering.se\/Events\/Show\/12111\" target=\"_blank\">http:\/\/eventor.orientering.se\/Events\/Show\/12111<\/a><\/p>\n","protected":false},"excerpt":{"rendered":"<p>L\u00e4s mer och anm\u00e4l dig i Eventor: http:\/\/eventor.orientering.se\/Events\/Show\/12111<\/p>\n","protected":false},"author":1,"featured_media":0,"template":"","meta":{"_tribe_events_status":"","_tribe_events_status_reason":"","footnotes":""},"tags":[],"tribe_events_cat":[255,276],"class_list":["post-3426","tribe_events","type-tribe_events","status-publish","hentry","tribe_events_cat-tavling","tribe_events_cat-ungdom","cat_tavling","cat_ungdom"],"_links":{"self":[{"href":"https:\/\/www.ifmarinvast.se\/orientering\/wp-json\/wp\/v2\/tribe_events\/3426","targetHints":{"allow":["GET"]}}],"collection":[{"href":"https:\/\/www.ifmarinvast.se\/orientering\/wp-json\/wp\/v2\/tribe_events"}],"about":[{"href":"https:\/\/www.ifmarinvast.se\/orientering\/wp-json\/wp\/v2\/types\/tribe_events"}],"author":[{"embeddable":true,"href":"https:\/\/www.ifmarinvast.se\/orientering\/wp-json\/wp\/v2\/users\/1"}],"version-history":[{"count":0,"href":"https:\/\/www.ifmarinvast.se\/orientering\/wp-json\/wp\/v2\/tribe_events\/3426\/revisions"}],"wp:attachment":[{"href":"https:\/\/www.ifmarinvast.se\/orientering\/wp-json\/wp\/v2\/media?parent=3426"}],"wp:term":[{"taxonomy":"post_tag","embeddable":true,"href":"https:\/\/www.ifmarinvast.se\/orientering\/wp-json\/wp\/v2\/tags?post=3426"},{"taxonomy":"tribe_events_cat","embeddable":true,"href":"https:\/\/www.ifmarinvast.se\/orientering\/wp-json\/wp\/v2\/tribe_events_cat?post=3426"}],"curies":[{"name":"wp","href":"https:\/\/api.w.org\/{rel}","templated":true}]}}

Hallandspremiären, lång

<p>Läs mer och anmäl dig i Eventor:<br />
<a href="http://eventor.orientering.se/Events/Show/12111" target="_blank">http://eventor.orientering.se/Events/Show/12111</a></p>

<p>Läs mer och anmäl dig i Eventor: http://eventor.orientering.se/Events/Show/12111</p>
