{"id":2568,"date":"2015-08-21T19:45:44","date_gmt":"2015-08-21T17:45:44","guid":{"rendered":"http:\/\/www.ifmarinvast.se\/orientering\/?post_type=tribe_events&#038;p=2568"},"modified":"2015-10-11T22:37:47","modified_gmt":"2015-10-11T20:37:47","slug":"innetraning","status":"publish","type":"tribe_events","link":"https:\/\/www.ifmarinvast.se\/orientering\/kalender\/innetraning\/","title":{"rendered":"Innetr\u00e4ning"},"content":{"rendered":"<p><strong>Styrketr\u00e4ning och innebandy i Hagenskolans gymnastiksal<\/strong><\/p>\n<p>Torsdagkv\u00e4llar fr\u00e5n november till mars tr\u00e4nar vi inomhus i Hagenskolans gymnastiksal. Stations\u00f6vningar och innebandy st\u00e5r p\u00e5 programmet.<\/p>\n<p>&nbsp;<\/p>\n","protected":false},"excerpt":{"rendered":"<p>Styrketr\u00e4ning och innebandy i Hagenskolans gymnastiksal Torsdagkv\u00e4llar fr\u00e5n november till mars tr\u00e4nar vi inomhus i Hagenskolans gymnastiksal. Stations\u00f6vningar och innebandy st\u00e5r p\u00e5 programmet. &nbsp;<\/p>\n","protected":false},"author":1,"featured_media":2570,"template":"","meta":{"_tribe_events_status":"","_tribe_events_status_reason":"","footnotes":""},"tags":[],"tribe_events_cat":[276],"class_list":["post-2568","tribe_events","type-tribe_events","status-publish","has-post-thumbnail","hentry","tribe_events_cat-ungdom","cat_ungdom"],"_links":{"self":[{"href":"https:\/\/www.ifmarinvast.se\/orientering\/wp-json\/wp\/v2\/tribe_events\/2568","targetHints":{"allow":["GET"]}}],"collection":[{"href":"https:\/\/www.ifmarinvast.se\/orientering\/wp-json\/wp\/v2\/tribe_events"}],"about":[{"href":"https:\/\/www.ifmarinvast.se\/orientering\/wp-json\/wp\/v2\/types\/tribe_events"}],"author":[{"embeddable":true,"href":"https:\/\/www.ifmarinvast.se\/orientering\/wp-json\/wp\/v2\/users\/1"}],"version-history":[{"count":1,"href":"https:\/\/www.ifmarinvast.se\/orientering\/wp-json\/wp\/v2\/tribe_events\/2568\/revisions"}],"predecessor-version":[{"id":2572,"href":"https:\/\/www.ifmarinvast.se\/orientering\/wp-json\/wp\/v2\/tribe_events\/2568\/revisions\/2572"}],"wp:featuredmedia":[{"embeddable":true,"href":"https:\/\/www.ifmarinvast.se\/orientering\/wp-json\/wp\/v2\/media\/2570"}],"wp:attachment":[{"href":"https:\/\/www.ifmarinvast.se\/orientering\/wp-json\/wp\/v2\/media?parent=2568"}],"wp:term":[{"taxonomy":"post_tag","embeddable":true,"href":"https:\/\/www.ifmarinvast.se\/orientering\/wp-json\/wp\/v2\/tags?post=2568"},{"taxonomy":"tribe_events_cat","embeddable":true,"href":"https:\/\/www.ifmarinvast.se\/orientering\/wp-json\/wp\/v2\/tribe_events_cat?post=2568"}],"curies":[{"name":"wp","href":"https:\/\/api.w.org\/{rel}","templated":true}]}}

Inneträning

<p><strong>Styrketräning och innebandy i Hagenskolans gymnastiksal</strong></p>
<p>Torsdagkvällar från november till mars tränar vi inomhus i Hagenskolans gymnastiksal. Stationsövningar och innebandy står på programmet.</p>
<p>&nbsp;</p>

<p>Styrketräning och innebandy i Hagenskolans gymnastiksal Torsdagkvällar från november till mars tränar vi inomhus i Hagenskolans gymnastiksal. Stationsövningar och innebandy står på programmet. &nbsp;</p>
