{"id":4673,"date":"2018-01-19T09:39:31","date_gmt":"2018-01-19T08:39:31","guid":{"rendered":"http:\/\/www.ifmarinvast.se\/orientering\/?page_id=4673"},"modified":"2018-01-22T08:34:32","modified_gmt":"2018-01-22T07:34:32","slug":"kallelse-och-dagordning-till-arsmote-for-if-marin-vast-2018","status":"publish","type":"page","link":"https:\/\/www.ifmarinvast.se\/orientering\/kallelse-och-dagordning-till-arsmote-for-if-marin-vast-2018\/","title":{"rendered":"Kallelse och dagordning till \u00e5rsm\u00f6te f\u00f6r IF Marin V\u00e4st 2018"},"content":{"rendered":"<p><strong>Kallelse och dagordning till \u00e5rsm\u00f6te f\u00f6r IF Marin V\u00e4st 2018<\/strong><\/p>\n<p>Torsdag 22 februari kl 19.00 i IF Marin V\u00e4sts klubbstuga, p\u00e5 G\u00f6teborgs Garnison.<\/p>\n<p><strong>F\u00f6rslag<\/strong><br \/>\nF\u00f6rslag till \u00e5rsm\u00f6tet ska l\u00e4mnas in till styrelsen av r\u00f6stber\u00e4ttigad medlem senast 8 februari.<br \/>\nF\u00f6rslagen skickas till styrelsen@ifmarinvast.se<\/p>\n<p><strong>Handlingar<\/strong><br \/>\nHandlingar inf\u00f6r \u00e5rsm\u00f6tet finns tillg\u00e4ngliga f\u00f6r medlemmarna senast en vecka f\u00f6re \u00e5rsm\u00f6tet.<br \/>\nMejla till styrelsen@ifmarinvast.se<\/p>\n<p><strong>Dagordning<\/strong><\/p>\n<p>\u00a7 1 M\u00f6tets \u00f6ppnande<\/p>\n<p>\u00a7 2 Fastst\u00e4llande av dagordning<\/p>\n<p>\u00a7 3 Val av ordf\u00f6rande f\u00f6r \u00e5rsm\u00f6te<\/p>\n<p>\u00a7 4 Val av protokollf\u00f6rare samt tv\u00e5 justeringsm\u00e4n<\/p>\n<p>\u00a7 5 Fr\u00e5ga om \u00e5rsm\u00f6tet utlysts p\u00e5 r\u00e4tt s\u00e4tt<\/p>\n<p>\u00a7 6 Fastst\u00e4llande av r\u00f6stl\u00e4ngd<\/p>\n<p>\u00a7 7 Verksamhetsber\u00e4ttelse f\u00f6r 2017<\/p>\n<p>\u00a7 8 Resultat och balansr\u00e4kning f\u00f6r 2017<\/p>\n<p>\u00a7 9 Revisorernas ber\u00e4ttelse \u00f6ver styrelsens f\u00f6rvaltning f\u00f6r \u00e5r 2017<\/p>\n<p>\u00a7 10 Fr\u00e5ga om ansvarsfrihet f\u00f6r styrelsen<\/p>\n<p>\u00a7 11 Fastst\u00e4llande av verksamhetsplan 2018<\/p>\n<p>\u00a7 12 Fastst\u00e4llande av budget och avgifter f\u00f6r nuvarande verksamhets\u00e5r.<\/p>\n<p>\u00a7 13 Val av styrelse, ledam\u00f6ter, suppleanter, revisorer och valberedning.<\/p>\n<p>\u00a7 14 Best\u00e4mma firmatecknare<\/p>\n<p>\u00a7 15 \u00c4rende som styrelsen eller medlem f\u00f6reslagit till \u00e5rsm\u00f6tet.<\/p>\n<p>\u00a7 16 \u00d6vriga fr\u00e5gor<\/p>\n<p>\u00a7 17 M\u00f6tets avslutande<\/p>\n<p>\u00a7 18 Prisutdelning Vandringspris och Gustav Lundbergs fond.<\/p>\n","protected":false},"excerpt":{"rendered":"<p>Kallelse och dagordning till \u00e5rsm\u00f6te f\u00f6r IF Marin V\u00e4st 2018 Torsdag 22 februari kl 19.00 i IF Marin V\u00e4sts klubbstuga, p\u00e5 G\u00f6teborgs Garnison. F\u00f6rslag F\u00f6rslag till \u00e5rsm\u00f6tet ska l\u00e4mnas in [&hellip;]<\/p>\n","protected":false},"author":4,"featured_media":0,"parent":0,"menu_order":0,"comment_status":"closed","ping_status":"closed","template":"","meta":{"footnotes":""},"class_list":["post-4673","page","type-page","status-publish","hentry"],"_links":{"self":[{"href":"https:\/\/www.ifmarinvast.se\/orientering\/wp-json\/wp\/v2\/pages\/4673","targetHints":{"allow":["GET"]}}],"collection":[{"href":"https:\/\/www.ifmarinvast.se\/orientering\/wp-json\/wp\/v2\/pages"}],"about":[{"href":"https:\/\/www.ifmarinvast.se\/orientering\/wp-json\/wp\/v2\/types\/page"}],"author":[{"embeddable":true,"href":"https:\/\/www.ifmarinvast.se\/orientering\/wp-json\/wp\/v2\/users\/4"}],"replies":[{"embeddable":true,"href":"https:\/\/www.ifmarinvast.se\/orientering\/wp-json\/wp\/v2\/comments?post=4673"}],"version-history":[{"count":4,"href":"https:\/\/www.ifmarinvast.se\/orientering\/wp-json\/wp\/v2\/pages\/4673\/revisions"}],"predecessor-version":[{"id":4678,"href":"https:\/\/www.ifmarinvast.se\/orientering\/wp-json\/wp\/v2\/pages\/4673\/revisions\/4678"}],"wp:attachment":[{"href":"https:\/\/www.ifmarinvast.se\/orientering\/wp-json\/wp\/v2\/media?parent=4673"}],"curies":[{"name":"wp","href":"https:\/\/api.w.org\/{rel}","templated":true}]}}

Kallelse och dagordning till årsmöte för IF Marin Väst 2018

<p><strong>Kallelse och dagordning till årsmöte för IF Marin Väst 2018</strong></p>
<p>Torsdag 22 februari kl 19.00 i IF Marin Västs klubbstuga, på Göteborgs Garnison.</p>
<p><strong>Förslag</strong><br />
Förslag till årsmötet ska lämnas in till styrelsen av röstberättigad medlem senast 8 februari.<br />
Förslagen skickas till styrelsen@ifmarinvast.se</p>
<p><strong>Handlingar</strong><br />
Handlingar inför årsmötet finns tillgängliga för medlemmarna senast en vecka före årsmötet.<br />
Mejla till styrelsen@ifmarinvast.se</p>
<p><strong>Dagordning</strong></p>
<p>§ 1 Mötets öppnande</p>
<p>§ 2 Fastställande av dagordning</p>
<p>§ 3 Val av ordförande för årsmöte</p>
<p>§ 4 Val av protokollförare samt två justeringsmän</p>
<p>§ 5 Fråga om årsmötet utlysts på rätt sätt</p>
<p>§ 6 Fastställande av röstlängd</p>
<p>§ 7 Verksamhetsberättelse för 2017</p>
<p>§ 8 Resultat och balansräkning för 2017</p>
<p>§ 9 Revisorernas berättelse över styrelsens förvaltning för år 2017</p>
<p>§ 10 Fråga om ansvarsfrihet för styrelsen</p>
<p>§ 11 Fastställande av verksamhetsplan 2018</p>
<p>§ 12 Fastställande av budget och avgifter för nuvarande verksamhetsår.</p>
<p>§ 13 Val av styrelse, ledamöter, suppleanter, revisorer och valberedning.</p>
<p>§ 14 Bestämma firmatecknare</p>
<p>§ 15 Ärende som styrelsen eller medlem föreslagit till årsmötet.</p>
<p>§ 16 Övriga frågor</p>
<p>§ 17 Mötets avslutande</p>
<p>§ 18 Prisutdelning Vandringspris och Gustav Lundbergs fond.</p>

<p>Kallelse och dagordning till årsmöte för IF Marin Väst 2018 Torsdag 22 februari kl 19.00 i IF Marin Västs klubbstuga, på Göteborgs Garnison. Förslag Förslag till årsmötet ska lämnas in [&hellip;]</p>
